{"id":3682,"date":"2020-11-19T02:43:39","date_gmt":"2020-11-19T02:43:39","guid":{"rendered":"https:\/\/www.familyhastools.com\/?post_type=product&#038;p=3682"},"modified":"2023-09-27T20:36:52","modified_gmt":"2023-09-27T20:36:52","slug":"em-tudo-dai-gracas-tamanho-a3","status":"publish","type":"product","link":"https:\/\/www.familyhastools.com\/index.php\/product\/em-tudo-dai-gracas-tamanho-a3\/","title":{"rendered":"Em tudo dai gra\u00e7as &#8211; tamanho A3"},"content":{"rendered":"<h3>Especialmente desenvolvido para fazer do <strong>dia de a\u00e7\u00f5es de gra\u00e7as<\/strong> algo \u00fanico para a sua fam\u00edlia.<\/h3>\n<p>Neste material preparei algumas decora\u00e7\u00f5es que voc\u00ea pode usar no seu almo\u00e7o de A\u00e7\u00f5es de gra\u00e7as.<\/p>\n<p>-Inclui um breve hist\u00f3rico do dia de a\u00e7\u00f5es de gra\u00e7as, material para impress\u00e3o de jogo americano para decorar a mesa (4 modelos diferentes),<\/p>\n<p>-lembrancinha de marca p\u00e1ginas com vers\u00edculos,<\/p>\n<p>-bandeirolas lindamente ilustradas e com vers\u00edculos sobre o tema para a decora\u00e7\u00e3o,<\/p>\n<p>-atividade do pote de gratid\u00e3o<\/p>\n<p>-e uma sugest\u00e3o de card\u00e1pio completo com as receitas tradicionais mas adaptado aos ingredientes do Brasil com receitas minhas tradicionais.<\/p>\n<p>Material para impress\u00e3o A3 ou A4 e card\u00e1pio tamanho A4.<\/p>\n<p>arquivo em PDF.<\/p>\n<p>&nbsp;<\/p>\n","protected":false},"excerpt":{"rendered":"<p>Especialmente desenvolvido para fazer do dia de a\u00e7\u00f5es de gra\u00e7as algo \u00fanico para a sua fam\u00edlia. Neste material preparei algumas decora\u00e7\u00f5es que voc\u00ea pode usar no seu almo\u00e7o de A\u00e7\u00f5es de gra\u00e7as. -Inclui um breve hist\u00f3rico do dia de a\u00e7\u00f5es de gra\u00e7as, material para impress\u00e3o de jogo americano para decorar a mesa (4 modelos diferentes), [&hellip;]<\/p>\n","protected":false},"featured_media":3686,"template":"","meta":[],"product_brand":[],"product_cat":[408,407,409],"product_tag":[338,339,345,342,118,322,344,343,121,347,346,341,340],"class_list":{"0":"post-3682","1":"product","2":"type-product","3":"status-publish","4":"has-post-thumbnail","6":"product_cat-calendario-liturgico","7":"product_cat-para-familia-toda","8":"product_cat-adultos","9":"product_tag-acao-de-gracas","10":"product_tag-acoes-de-gracas","11":"product_tag-decoracao-thanksgiving","12":"product_tag-educacao-crista","13":"product_tag-educacao-domiciliar","14":"product_tag-homeschool-brasil","15":"product_tag-material-de-apoio-thanksgiving","16":"product_tag-mayflower","17":"product_tag-rachel-haswell","18":"product_tag-receitas-rachel-haswell","19":"product_tag-receitas-thanksgiving","20":"product_tag-thankisgiving-brasil","21":"product_tag-thanksgiving","23":"first","24":"instock","25":"downloadable","26":"virtual","27":"purchasable","28":"product-type-simple"},"yoast_head":"<!-- This site is optimized with the Yoast SEO plugin v25.3 - https:\/\/yoast.com\/wordpress\/plugins\/seo\/ -->\n<title>Em tudo dai gra\u00e7as - tamanho A3 - Family Has Tools<\/title>\n<meta name=\"description\" content=\"venha comemorar o dia de a\u00e7\u00e3o de gra\u00e7as com sua fam\u00edlia, material completo e com direito a card\u00e1pio com receitas passo a passo e decora\u00e7\u00e3o\" \/>\n<meta name=\"robots\" content=\"index, follow, max-snippet:-1, max-image-preview:large, max-video-preview:-1\" \/>\n<link rel=\"canonical\" href=\"https:\/\/www.familyhastools.com\/index.php\/product\/em-tudo-dai-gracas-tamanho-a3\/\" \/>\n<meta property=\"og:locale\" content=\"pt_BR\" \/>\n<meta property=\"og:type\" content=\"article\" \/>\n<meta property=\"og:title\" content=\"Em tudo dai gra\u00e7as - tamanho A3 - Family Has Tools\" \/>\n<meta property=\"og:description\" content=\"venha comemorar o dia de a\u00e7\u00e3o de gra\u00e7as com sua fam\u00edlia, material completo e com direito a card\u00e1pio com receitas passo a passo e decora\u00e7\u00e3o\" \/>\n<meta property=\"og:url\" content=\"https:\/\/www.familyhastools.com\/index.php\/product\/em-tudo-dai-gracas-tamanho-a3\/\" \/>\n<meta property=\"og:site_name\" content=\"Family Has Tools\" \/>\n<meta property=\"article:modified_time\" content=\"2023-09-27T20:36:52+00:00\" \/>\n<meta property=\"og:image\" content=\"https:\/\/www.familyhastools.com\/wp-content\/uploads\/2020\/11\/C\u00f3pia-de-C\u00f3pia-de-C\u00f3pia-de-C\u00f3pia-de-C\u00f3pia-de-Aprecia\u00e7\u00e3o-de-Arte-Degas-1.png\" \/>\n\t<meta property=\"og:image:width\" content=\"1620\" \/>\n\t<meta property=\"og:image:height\" content=\"1620\" \/>\n\t<meta property=\"og:image:type\" content=\"image\/png\" \/>\n<meta name=\"twitter:card\" content=\"summary_large_image\" \/>\n<meta name=\"twitter:label1\" content=\"Est. tempo de leitura\" \/>\n\t<meta name=\"twitter:data1\" content=\"1 minuto\" \/>\n<script type=\"application\/ld+json\" class=\"yoast-schema-graph\">{\"@context\":\"https:\/\/schema.org\",\"@graph\":[{\"@type\":\"WebPage\",\"@id\":\"https:\/\/www.familyhastools.com\/index.php\/product\/em-tudo-dai-gracas-tamanho-a3\/\",\"url\":\"https:\/\/www.familyhastools.com\/index.php\/product\/em-tudo-dai-gracas-tamanho-a3\/\",\"name\":\"Em tudo dai gra\u00e7as - tamanho A3 - Family Has Tools\",\"isPartOf\":{\"@id\":\"https:\/\/www.familyhastools.com\/#website\"},\"primaryImageOfPage\":{\"@id\":\"https:\/\/www.familyhastools.com\/index.php\/product\/em-tudo-dai-gracas-tamanho-a3\/#primaryimage\"},\"image\":{\"@id\":\"https:\/\/www.familyhastools.com\/index.php\/product\/em-tudo-dai-gracas-tamanho-a3\/#primaryimage\"},\"thumbnailUrl\":\"https:\/\/www.familyhastools.com\/wp-content\/uploads\/2020\/11\/C\u00f3pia-de-C\u00f3pia-de-C\u00f3pia-de-C\u00f3pia-de-C\u00f3pia-de-Aprecia\u00e7\u00e3o-de-Arte-Degas-1.png\",\"datePublished\":\"2020-11-19T02:43:39+00:00\",\"dateModified\":\"2023-09-27T20:36:52+00:00\",\"description\":\"venha comemorar o dia de a\u00e7\u00e3o de gra\u00e7as com sua fam\u00edlia, material completo e com direito a card\u00e1pio com receitas passo a passo e decora\u00e7\u00e3o\",\"breadcrumb\":{\"@id\":\"https:\/\/www.familyhastools.com\/index.php\/product\/em-tudo-dai-gracas-tamanho-a3\/#breadcrumb\"},\"inLanguage\":\"pt-BR\",\"potentialAction\":[{\"@type\":\"ReadAction\",\"target\":[\"https:\/\/www.familyhastools.com\/index.php\/product\/em-tudo-dai-gracas-tamanho-a3\/\"]}]},{\"@type\":\"ImageObject\",\"inLanguage\":\"pt-BR\",\"@id\":\"https:\/\/www.familyhastools.com\/index.php\/product\/em-tudo-dai-gracas-tamanho-a3\/#primaryimage\",\"url\":\"https:\/\/www.familyhastools.com\/wp-content\/uploads\/2020\/11\/C\u00f3pia-de-C\u00f3pia-de-C\u00f3pia-de-C\u00f3pia-de-C\u00f3pia-de-Aprecia\u00e7\u00e3o-de-Arte-Degas-1.png\",\"contentUrl\":\"https:\/\/www.familyhastools.com\/wp-content\/uploads\/2020\/11\/C\u00f3pia-de-C\u00f3pia-de-C\u00f3pia-de-C\u00f3pia-de-C\u00f3pia-de-Aprecia\u00e7\u00e3o-de-Arte-Degas-1.png\",\"width\":1620,\"height\":1620},{\"@type\":\"BreadcrumbList\",\"@id\":\"https:\/\/www.familyhastools.com\/index.php\/product\/em-tudo-dai-gracas-tamanho-a3\/#breadcrumb\",\"itemListElement\":[{\"@type\":\"ListItem\",\"position\":1,\"name\":\"In\u00edcio\",\"item\":\"https:\/\/www.familyhastools.com\/\"},{\"@type\":\"ListItem\",\"position\":2,\"name\":\"Loja\",\"item\":\"https:\/\/www.familyhastools.com\/index.php\/loja-2\/\"},{\"@type\":\"ListItem\",\"position\":3,\"name\":\"Em tudo dai gra\u00e7as &#8211; tamanho A3\"}]},{\"@type\":\"WebSite\",\"@id\":\"https:\/\/www.familyhastools.com\/#website\",\"url\":\"https:\/\/www.familyhastools.com\/\",\"name\":\"Family Has Tools\",\"description\":\"A jornada de nossa familia homeschooler\",\"publisher\":{\"@id\":\"https:\/\/www.familyhastools.com\/#organization\"},\"potentialAction\":[{\"@type\":\"SearchAction\",\"target\":{\"@type\":\"EntryPoint\",\"urlTemplate\":\"https:\/\/www.familyhastools.com\/?s={search_term_string}\"},\"query-input\":{\"@type\":\"PropertyValueSpecification\",\"valueRequired\":true,\"valueName\":\"search_term_string\"}}],\"inLanguage\":\"pt-BR\"},{\"@type\":\"Organization\",\"@id\":\"https:\/\/www.familyhastools.com\/#organization\",\"name\":\"Family Has Tools\",\"url\":\"https:\/\/www.familyhastools.com\/\",\"logo\":{\"@type\":\"ImageObject\",\"inLanguage\":\"pt-BR\",\"@id\":\"https:\/\/www.familyhastools.com\/#\/schema\/logo\/image\/\",\"url\":\"https:\/\/www.familyhastools.com\/wp-content\/uploads\/2020\/05\/logo-com-Arthur-_grande.png\",\"contentUrl\":\"https:\/\/www.familyhastools.com\/wp-content\/uploads\/2020\/05\/logo-com-Arthur-_grande.png\",\"width\":2350,\"height\":1000,\"caption\":\"Family Has Tools\"},\"image\":{\"@id\":\"https:\/\/www.familyhastools.com\/#\/schema\/logo\/image\/\"}}]}<\/script>\n<!-- \/ Yoast SEO plugin. -->","yoast_head_json":{"title":"Em tudo dai gra\u00e7as - tamanho A3 - Family Has Tools","description":"venha comemorar o dia de a\u00e7\u00e3o de gra\u00e7as com sua fam\u00edlia, material completo e com direito a card\u00e1pio com receitas passo a passo e decora\u00e7\u00e3o","robots":{"index":"index","follow":"follow","max-snippet":"max-snippet:-1","max-image-preview":"max-image-preview:large","max-video-preview":"max-video-preview:-1"},"canonical":"https:\/\/www.familyhastools.com\/index.php\/product\/em-tudo-dai-gracas-tamanho-a3\/","og_locale":"pt_BR","og_type":"article","og_title":"Em tudo dai gra\u00e7as - tamanho A3 - Family Has Tools","og_description":"venha comemorar o dia de a\u00e7\u00e3o de gra\u00e7as com sua fam\u00edlia, material completo e com direito a card\u00e1pio com receitas passo a passo e decora\u00e7\u00e3o","og_url":"https:\/\/www.familyhastools.com\/index.php\/product\/em-tudo-dai-gracas-tamanho-a3\/","og_site_name":"Family Has Tools","article_modified_time":"2023-09-27T20:36:52+00:00","og_image":[{"width":1620,"height":1620,"url":"https:\/\/www.familyhastools.com\/wp-content\/uploads\/2020\/11\/C\u00f3pia-de-C\u00f3pia-de-C\u00f3pia-de-C\u00f3pia-de-C\u00f3pia-de-Aprecia\u00e7\u00e3o-de-Arte-Degas-1.png","type":"image\/png"}],"twitter_card":"summary_large_image","twitter_misc":{"Est. tempo de leitura":"1 minuto"},"schema":{"@context":"https:\/\/schema.org","@graph":[{"@type":"WebPage","@id":"https:\/\/www.familyhastools.com\/index.php\/product\/em-tudo-dai-gracas-tamanho-a3\/","url":"https:\/\/www.familyhastools.com\/index.php\/product\/em-tudo-dai-gracas-tamanho-a3\/","name":"Em tudo dai gra\u00e7as - tamanho A3 - Family Has Tools","isPartOf":{"@id":"https:\/\/www.familyhastools.com\/#website"},"primaryImageOfPage":{"@id":"https:\/\/www.familyhastools.com\/index.php\/product\/em-tudo-dai-gracas-tamanho-a3\/#primaryimage"},"image":{"@id":"https:\/\/www.familyhastools.com\/index.php\/product\/em-tudo-dai-gracas-tamanho-a3\/#primaryimage"},"thumbnailUrl":"https:\/\/www.familyhastools.com\/wp-content\/uploads\/2020\/11\/C\u00f3pia-de-C\u00f3pia-de-C\u00f3pia-de-C\u00f3pia-de-C\u00f3pia-de-Aprecia\u00e7\u00e3o-de-Arte-Degas-1.png","datePublished":"2020-11-19T02:43:39+00:00","dateModified":"2023-09-27T20:36:52+00:00","description":"venha comemorar o dia de a\u00e7\u00e3o de gra\u00e7as com sua fam\u00edlia, material completo e com direito a card\u00e1pio com receitas passo a passo e decora\u00e7\u00e3o","breadcrumb":{"@id":"https:\/\/www.familyhastools.com\/index.php\/product\/em-tudo-dai-gracas-tamanho-a3\/#breadcrumb"},"inLanguage":"pt-BR","potentialAction":[{"@type":"ReadAction","target":["https:\/\/www.familyhastools.com\/index.php\/product\/em-tudo-dai-gracas-tamanho-a3\/"]}]},{"@type":"ImageObject","inLanguage":"pt-BR","@id":"https:\/\/www.familyhastools.com\/index.php\/product\/em-tudo-dai-gracas-tamanho-a3\/#primaryimage","url":"https:\/\/www.familyhastools.com\/wp-content\/uploads\/2020\/11\/C\u00f3pia-de-C\u00f3pia-de-C\u00f3pia-de-C\u00f3pia-de-C\u00f3pia-de-Aprecia\u00e7\u00e3o-de-Arte-Degas-1.png","contentUrl":"https:\/\/www.familyhastools.com\/wp-content\/uploads\/2020\/11\/C\u00f3pia-de-C\u00f3pia-de-C\u00f3pia-de-C\u00f3pia-de-C\u00f3pia-de-Aprecia\u00e7\u00e3o-de-Arte-Degas-1.png","width":1620,"height":1620},{"@type":"BreadcrumbList","@id":"https:\/\/www.familyhastools.com\/index.php\/product\/em-tudo-dai-gracas-tamanho-a3\/#breadcrumb","itemListElement":[{"@type":"ListItem","position":1,"name":"In\u00edcio","item":"https:\/\/www.familyhastools.com\/"},{"@type":"ListItem","position":2,"name":"Loja","item":"https:\/\/www.familyhastools.com\/index.php\/loja-2\/"},{"@type":"ListItem","position":3,"name":"Em tudo dai gra\u00e7as &#8211; tamanho A3"}]},{"@type":"WebSite","@id":"https:\/\/www.familyhastools.com\/#website","url":"https:\/\/www.familyhastools.com\/","name":"Family Has Tools","description":"A jornada de nossa familia homeschooler","publisher":{"@id":"https:\/\/www.familyhastools.com\/#organization"},"potentialAction":[{"@type":"SearchAction","target":{"@type":"EntryPoint","urlTemplate":"https:\/\/www.familyhastools.com\/?s={search_term_string}"},"query-input":{"@type":"PropertyValueSpecification","valueRequired":true,"valueName":"search_term_string"}}],"inLanguage":"pt-BR"},{"@type":"Organization","@id":"https:\/\/www.familyhastools.com\/#organization","name":"Family Has Tools","url":"https:\/\/www.familyhastools.com\/","logo":{"@type":"ImageObject","inLanguage":"pt-BR","@id":"https:\/\/www.familyhastools.com\/#\/schema\/logo\/image\/","url":"https:\/\/www.familyhastools.com\/wp-content\/uploads\/2020\/05\/logo-com-Arthur-_grande.png","contentUrl":"https:\/\/www.familyhastools.com\/wp-content\/uploads\/2020\/05\/logo-com-Arthur-_grande.png","width":2350,"height":1000,"caption":"Family Has Tools"},"image":{"@id":"https:\/\/www.familyhastools.com\/#\/schema\/logo\/image\/"}}]}},"_links":{"self":[{"href":"https:\/\/www.familyhastools.com\/index.php\/wp-json\/wp\/v2\/product\/3682","targetHints":{"allow":["GET"]}}],"collection":[{"href":"https:\/\/www.familyhastools.com\/index.php\/wp-json\/wp\/v2\/product"}],"about":[{"href":"https:\/\/www.familyhastools.com\/index.php\/wp-json\/wp\/v2\/types\/product"}],"wp:featuredmedia":[{"embeddable":true,"href":"https:\/\/www.familyhastools.com\/index.php\/wp-json\/wp\/v2\/media\/3686"}],"wp:attachment":[{"href":"https:\/\/www.familyhastools.com\/index.php\/wp-json\/wp\/v2\/media?parent=3682"}],"wp:term":[{"taxonomy":"product_brand","embeddable":true,"href":"https:\/\/www.familyhastools.com\/index.php\/wp-json\/wp\/v2\/product_brand?post=3682"},{"taxonomy":"product_cat","embeddable":true,"href":"https:\/\/www.familyhastools.com\/index.php\/wp-json\/wp\/v2\/product_cat?post=3682"},{"taxonomy":"product_tag","embeddable":true,"href":"https:\/\/www.familyhastools.com\/index.php\/wp-json\/wp\/v2\/product_tag?post=3682"}],"curies":[{"name":"wp","href":"https:\/\/api.w.org\/{rel}","templated":true}]}}