{"id":2658,"date":"2020-08-10T19:26:08","date_gmt":"2020-08-10T19:26:08","guid":{"rendered":"https:\/\/www.familyhastools.com\/?post_type=product&#038;p=2658"},"modified":"2023-09-27T20:39:23","modified_gmt":"2023-09-27T20:39:23","slug":"flores-do-campo","status":"publish","type":"product","link":"https:\/\/www.familyhastools.com\/index.php\/product\/flores-do-campo\/","title":{"rendered":"Flores do campo"},"content":{"rendered":"<p><strong>Arquivo em PDF<\/strong><\/p>\n<p>Venha enriquecer seu estudo de\u00a0 bot\u00e2nica com esse material lindo e vers\u00e1til!<\/p>\n<p>Cards lindamente ilustrados no estilo vintage.<\/p>\n<p>Ajuda no aprendizado de bot\u00e2nica levando em considera\u00e7\u00e3o as flores do campo encontradas no Brasil.<\/p>\n<p>Est\u00e3o inclusos:<\/p>\n<ul>\n<li>Capa para os cards.<\/li>\n<li>cards com ilustra\u00e7\u00f5es de <strong>16 esp\u00e9cies<\/strong> de plantas de flores do campo (<em>Comuns, medicinais e t\u00f3xicas<\/em>).<\/li>\n<li>verso do card com informa\u00e7\u00f5es sobre as caracter\u00edsticas da planta e curiosidades.<\/li>\n<li>orienta\u00e7\u00f5es gerais para o uso do material.<\/li>\n<\/ul>\n<div style=\"width: 480px;\" class=\"wp-video\"><!--[if lt IE 9]><script>document.createElement('video');<\/script><![endif]-->\n<video class=\"wp-video-shortcode\" id=\"video-2658-1\" width=\"480\" height=\"896\" preload=\"metadata\" controls=\"controls\"><source type=\"video\/mp4\" src=\"https:\/\/www.familyhastools.com\/wp-content\/uploads\/2020\/08\/117190262_649447505669191_5216894172452538514_n.mp4?_=1\" \/><a href=\"https:\/\/www.familyhastools.com\/wp-content\/uploads\/2020\/08\/117190262_649447505669191_5216894172452538514_n.mp4\">https:\/\/www.familyhastools.com\/wp-content\/uploads\/2020\/08\/117190262_649447505669191_5216894172452538514_n.mp4<\/a><\/video><\/div>\n<p>&nbsp;<\/p>\n","protected":false},"excerpt":{"rendered":"<p>Arquivo em PDF Venha enriquecer seu estudo de\u00a0 bot\u00e2nica com esse material lindo e vers\u00e1til! Cards lindamente ilustrados no estilo vintage. Ajuda no aprendizado de bot\u00e2nica levando em considera\u00e7\u00e3o as flores do campo encontradas no Brasil. Est\u00e3o inclusos: Capa para os cards. cards com ilustra\u00e7\u00f5es de 16 esp\u00e9cies de plantas de flores do campo (Comuns, [&hellip;]<\/p>\n","protected":false},"featured_media":2667,"template":"","meta":[],"product_brand":[],"product_cat":[134,410,412,407,409,113],"product_tag":[268,241,271,136,118,119,201,120,269,270,130,272,121],"class_list":{"0":"post-2658","1":"product","2":"type-product","3":"status-publish","4":"has-post-thumbnail","6":"product_cat-ciencias","7":"product_cat-5-8-anos","8":"product_cat-9-14-anos","9":"product_cat-para-familia-toda","10":"product_cat-adultos","11":"product_cat-diversos","12":"product_tag-botanica","13":"product_tag-charlotte-mason","14":"product_tag-charlotte-mason-na-pratica","15":"product_tag-ciencias","16":"product_tag-educacao-domiciliar","17":"product_tag-ensino-domiciliar","18":"product_tag-estudo-da-natureza","19":"product_tag-family-has-tools","20":"product_tag-flores-do-campo","21":"product_tag-identificacao-de-flores","22":"product_tag-material-de-apoio","23":"product_tag-material-de-botanica","24":"product_tag-rachel-haswell","26":"first","27":"instock","28":"downloadable","29":"virtual","30":"purchasable","31":"product-type-simple"},"yoast_head":"<!-- This site is optimized with the Yoast SEO plugin v25.3 - https:\/\/yoast.com\/wordpress\/plugins\/seo\/ -->\n<title>Flores do campo - Family Has Tools<\/title>\n<meta name=\"description\" content=\"Venha enriquecer seu estudo de\u00a0 bot\u00e2nica com esse material lindo e vers\u00e1til!Cards lindamente ilustrados no estilo vintage.Ajuda no aprendizado de bot\u00e2nica levando em considera\u00e7\u00e3o as flores do campo encontradas no Brasil.\" \/>\n<meta name=\"robots\" content=\"index, follow, max-snippet:-1, max-image-preview:large, max-video-preview:-1\" \/>\n<link rel=\"canonical\" href=\"https:\/\/www.familyhastools.com\/index.php\/product\/flores-do-campo\/\" \/>\n<meta property=\"og:locale\" content=\"pt_BR\" \/>\n<meta property=\"og:type\" content=\"article\" \/>\n<meta property=\"og:title\" content=\"Flores do campo - Family Has Tools\" \/>\n<meta property=\"og:description\" content=\"Venha enriquecer seu estudo de\u00a0 bot\u00e2nica com esse material lindo e vers\u00e1til!Cards lindamente ilustrados no estilo vintage.Ajuda no aprendizado de bot\u00e2nica levando em considera\u00e7\u00e3o as flores do campo encontradas no Brasil.\" \/>\n<meta property=\"og:url\" content=\"https:\/\/www.familyhastools.com\/index.php\/product\/flores-do-campo\/\" \/>\n<meta property=\"og:site_name\" content=\"Family Has Tools\" \/>\n<meta property=\"article:modified_time\" content=\"2023-09-27T20:39:23+00:00\" \/>\n<meta property=\"og:image\" content=\"https:\/\/www.familyhastools.com\/wp-content\/uploads\/2020\/08\/20200810_192309_0000.png\" \/>\n\t<meta property=\"og:image:width\" content=\"2160\" \/>\n\t<meta property=\"og:image:height\" content=\"2160\" \/>\n\t<meta property=\"og:image:type\" content=\"image\/png\" \/>\n<meta name=\"twitter:card\" content=\"summary_large_image\" \/>\n<meta name=\"twitter:label1\" content=\"Est. tempo de leitura\" \/>\n\t<meta name=\"twitter:data1\" content=\"1 minuto\" \/>\n<script type=\"application\/ld+json\" class=\"yoast-schema-graph\">{\"@context\":\"https:\/\/schema.org\",\"@graph\":[{\"@type\":\"WebPage\",\"@id\":\"https:\/\/www.familyhastools.com\/index.php\/product\/flores-do-campo\/\",\"url\":\"https:\/\/www.familyhastools.com\/index.php\/product\/flores-do-campo\/\",\"name\":\"Flores do campo - Family Has Tools\",\"isPartOf\":{\"@id\":\"https:\/\/www.familyhastools.com\/#website\"},\"primaryImageOfPage\":{\"@id\":\"https:\/\/www.familyhastools.com\/index.php\/product\/flores-do-campo\/#primaryimage\"},\"image\":{\"@id\":\"https:\/\/www.familyhastools.com\/index.php\/product\/flores-do-campo\/#primaryimage\"},\"thumbnailUrl\":\"https:\/\/www.familyhastools.com\/wp-content\/uploads\/2020\/08\/20200810_192309_0000.png\",\"datePublished\":\"2020-08-10T19:26:08+00:00\",\"dateModified\":\"2023-09-27T20:39:23+00:00\",\"description\":\"Venha enriquecer seu estudo de\u00a0 bot\u00e2nica com esse material lindo e vers\u00e1til!Cards lindamente ilustrados no estilo vintage.Ajuda no aprendizado de bot\u00e2nica levando em considera\u00e7\u00e3o as flores do campo encontradas no Brasil.\",\"breadcrumb\":{\"@id\":\"https:\/\/www.familyhastools.com\/index.php\/product\/flores-do-campo\/#breadcrumb\"},\"inLanguage\":\"pt-BR\",\"potentialAction\":[{\"@type\":\"ReadAction\",\"target\":[\"https:\/\/www.familyhastools.com\/index.php\/product\/flores-do-campo\/\"]}]},{\"@type\":\"ImageObject\",\"inLanguage\":\"pt-BR\",\"@id\":\"https:\/\/www.familyhastools.com\/index.php\/product\/flores-do-campo\/#primaryimage\",\"url\":\"https:\/\/www.familyhastools.com\/wp-content\/uploads\/2020\/08\/20200810_192309_0000.png\",\"contentUrl\":\"https:\/\/www.familyhastools.com\/wp-content\/uploads\/2020\/08\/20200810_192309_0000.png\",\"width\":2160,\"height\":2160},{\"@type\":\"BreadcrumbList\",\"@id\":\"https:\/\/www.familyhastools.com\/index.php\/product\/flores-do-campo\/#breadcrumb\",\"itemListElement\":[{\"@type\":\"ListItem\",\"position\":1,\"name\":\"In\u00edcio\",\"item\":\"https:\/\/www.familyhastools.com\/\"},{\"@type\":\"ListItem\",\"position\":2,\"name\":\"Loja\",\"item\":\"https:\/\/www.familyhastools.com\/index.php\/loja-2\/\"},{\"@type\":\"ListItem\",\"position\":3,\"name\":\"Flores do campo\"}]},{\"@type\":\"WebSite\",\"@id\":\"https:\/\/www.familyhastools.com\/#website\",\"url\":\"https:\/\/www.familyhastools.com\/\",\"name\":\"Family Has Tools\",\"description\":\"A jornada de nossa familia homeschooler\",\"publisher\":{\"@id\":\"https:\/\/www.familyhastools.com\/#organization\"},\"potentialAction\":[{\"@type\":\"SearchAction\",\"target\":{\"@type\":\"EntryPoint\",\"urlTemplate\":\"https:\/\/www.familyhastools.com\/?s={search_term_string}\"},\"query-input\":{\"@type\":\"PropertyValueSpecification\",\"valueRequired\":true,\"valueName\":\"search_term_string\"}}],\"inLanguage\":\"pt-BR\"},{\"@type\":\"Organization\",\"@id\":\"https:\/\/www.familyhastools.com\/#organization\",\"name\":\"Family Has Tools\",\"url\":\"https:\/\/www.familyhastools.com\/\",\"logo\":{\"@type\":\"ImageObject\",\"inLanguage\":\"pt-BR\",\"@id\":\"https:\/\/www.familyhastools.com\/#\/schema\/logo\/image\/\",\"url\":\"https:\/\/www.familyhastools.com\/wp-content\/uploads\/2020\/05\/logo-com-Arthur-_grande.png\",\"contentUrl\":\"https:\/\/www.familyhastools.com\/wp-content\/uploads\/2020\/05\/logo-com-Arthur-_grande.png\",\"width\":2350,\"height\":1000,\"caption\":\"Family Has Tools\"},\"image\":{\"@id\":\"https:\/\/www.familyhastools.com\/#\/schema\/logo\/image\/\"}}]}<\/script>\n<!-- \/ Yoast SEO plugin. -->","yoast_head_json":{"title":"Flores do campo - Family Has Tools","description":"Venha enriquecer seu estudo de\u00a0 bot\u00e2nica com esse material lindo e vers\u00e1til!Cards lindamente ilustrados no estilo vintage.Ajuda no aprendizado de bot\u00e2nica levando em considera\u00e7\u00e3o as flores do campo encontradas no Brasil.","robots":{"index":"index","follow":"follow","max-snippet":"max-snippet:-1","max-image-preview":"max-image-preview:large","max-video-preview":"max-video-preview:-1"},"canonical":"https:\/\/www.familyhastools.com\/index.php\/product\/flores-do-campo\/","og_locale":"pt_BR","og_type":"article","og_title":"Flores do campo - Family Has Tools","og_description":"Venha enriquecer seu estudo de\u00a0 bot\u00e2nica com esse material lindo e vers\u00e1til!Cards lindamente ilustrados no estilo vintage.Ajuda no aprendizado de bot\u00e2nica levando em considera\u00e7\u00e3o as flores do campo encontradas no Brasil.","og_url":"https:\/\/www.familyhastools.com\/index.php\/product\/flores-do-campo\/","og_site_name":"Family Has Tools","article_modified_time":"2023-09-27T20:39:23+00:00","og_image":[{"width":2160,"height":2160,"url":"https:\/\/www.familyhastools.com\/wp-content\/uploads\/2020\/08\/20200810_192309_0000.png","type":"image\/png"}],"twitter_card":"summary_large_image","twitter_misc":{"Est. tempo de leitura":"1 minuto"},"schema":{"@context":"https:\/\/schema.org","@graph":[{"@type":"WebPage","@id":"https:\/\/www.familyhastools.com\/index.php\/product\/flores-do-campo\/","url":"https:\/\/www.familyhastools.com\/index.php\/product\/flores-do-campo\/","name":"Flores do campo - Family Has Tools","isPartOf":{"@id":"https:\/\/www.familyhastools.com\/#website"},"primaryImageOfPage":{"@id":"https:\/\/www.familyhastools.com\/index.php\/product\/flores-do-campo\/#primaryimage"},"image":{"@id":"https:\/\/www.familyhastools.com\/index.php\/product\/flores-do-campo\/#primaryimage"},"thumbnailUrl":"https:\/\/www.familyhastools.com\/wp-content\/uploads\/2020\/08\/20200810_192309_0000.png","datePublished":"2020-08-10T19:26:08+00:00","dateModified":"2023-09-27T20:39:23+00:00","description":"Venha enriquecer seu estudo de\u00a0 bot\u00e2nica com esse material lindo e vers\u00e1til!Cards lindamente ilustrados no estilo vintage.Ajuda no aprendizado de bot\u00e2nica levando em considera\u00e7\u00e3o as flores do campo encontradas no Brasil.","breadcrumb":{"@id":"https:\/\/www.familyhastools.com\/index.php\/product\/flores-do-campo\/#breadcrumb"},"inLanguage":"pt-BR","potentialAction":[{"@type":"ReadAction","target":["https:\/\/www.familyhastools.com\/index.php\/product\/flores-do-campo\/"]}]},{"@type":"ImageObject","inLanguage":"pt-BR","@id":"https:\/\/www.familyhastools.com\/index.php\/product\/flores-do-campo\/#primaryimage","url":"https:\/\/www.familyhastools.com\/wp-content\/uploads\/2020\/08\/20200810_192309_0000.png","contentUrl":"https:\/\/www.familyhastools.com\/wp-content\/uploads\/2020\/08\/20200810_192309_0000.png","width":2160,"height":2160},{"@type":"BreadcrumbList","@id":"https:\/\/www.familyhastools.com\/index.php\/product\/flores-do-campo\/#breadcrumb","itemListElement":[{"@type":"ListItem","position":1,"name":"In\u00edcio","item":"https:\/\/www.familyhastools.com\/"},{"@type":"ListItem","position":2,"name":"Loja","item":"https:\/\/www.familyhastools.com\/index.php\/loja-2\/"},{"@type":"ListItem","position":3,"name":"Flores do campo"}]},{"@type":"WebSite","@id":"https:\/\/www.familyhastools.com\/#website","url":"https:\/\/www.familyhastools.com\/","name":"Family Has Tools","description":"A jornada de nossa familia homeschooler","publisher":{"@id":"https:\/\/www.familyhastools.com\/#organization"},"potentialAction":[{"@type":"SearchAction","target":{"@type":"EntryPoint","urlTemplate":"https:\/\/www.familyhastools.com\/?s={search_term_string}"},"query-input":{"@type":"PropertyValueSpecification","valueRequired":true,"valueName":"search_term_string"}}],"inLanguage":"pt-BR"},{"@type":"Organization","@id":"https:\/\/www.familyhastools.com\/#organization","name":"Family Has Tools","url":"https:\/\/www.familyhastools.com\/","logo":{"@type":"ImageObject","inLanguage":"pt-BR","@id":"https:\/\/www.familyhastools.com\/#\/schema\/logo\/image\/","url":"https:\/\/www.familyhastools.com\/wp-content\/uploads\/2020\/05\/logo-com-Arthur-_grande.png","contentUrl":"https:\/\/www.familyhastools.com\/wp-content\/uploads\/2020\/05\/logo-com-Arthur-_grande.png","width":2350,"height":1000,"caption":"Family Has Tools"},"image":{"@id":"https:\/\/www.familyhastools.com\/#\/schema\/logo\/image\/"}}]}},"_links":{"self":[{"href":"https:\/\/www.familyhastools.com\/index.php\/wp-json\/wp\/v2\/product\/2658","targetHints":{"allow":["GET"]}}],"collection":[{"href":"https:\/\/www.familyhastools.com\/index.php\/wp-json\/wp\/v2\/product"}],"about":[{"href":"https:\/\/www.familyhastools.com\/index.php\/wp-json\/wp\/v2\/types\/product"}],"wp:featuredmedia":[{"embeddable":true,"href":"https:\/\/www.familyhastools.com\/index.php\/wp-json\/wp\/v2\/media\/2667"}],"wp:attachment":[{"href":"https:\/\/www.familyhastools.com\/index.php\/wp-json\/wp\/v2\/media?parent=2658"}],"wp:term":[{"taxonomy":"product_brand","embeddable":true,"href":"https:\/\/www.familyhastools.com\/index.php\/wp-json\/wp\/v2\/product_brand?post=2658"},{"taxonomy":"product_cat","embeddable":true,"href":"https:\/\/www.familyhastools.com\/index.php\/wp-json\/wp\/v2\/product_cat?post=2658"},{"taxonomy":"product_tag","embeddable":true,"href":"https:\/\/www.familyhastools.com\/index.php\/wp-json\/wp\/v2\/product_tag?post=2658"}],"curies":[{"name":"wp","href":"https:\/\/api.w.org\/{rel}","templated":true}]}}