{"id":2557,"date":"2020-07-30T18:22:00","date_gmt":"2020-07-30T18:22:00","guid":{"rendered":"https:\/\/www.familyhastools.com\/?post_type=product&#038;p=2557"},"modified":"2023-09-27T20:39:54","modified_gmt":"2023-09-27T20:39:54","slug":"brincando-com-os-astros","status":"publish","type":"product","link":"https:\/\/www.familyhastools.com\/index.php\/product\/brincando-com-os-astros\/","title":{"rendered":"Brincando com os astros"},"content":{"rendered":"<p>Vem aprender brincando!<\/p>\n<p><strong>Arquivo em PDF<\/strong><\/p>\n<p>Nesse material voc\u00ea ter\u00e1\u00a0 v\u00e1rias atividades din\u00e2micas e divertidas para complementar os estudos sobre os planetas do sistema solar para diversas idades.<\/p>\n<p>S\u00e3o 4 projetos interativos, sendo um planet\u00e1rio girat\u00f3rio, um m\u00f3bile lind\u00edssimo, todos acompanham uma explica\u00e7\u00e3o detalhada, para finalizar tem um projeto em 3D que acompanha um <strong>v\u00eddeo<\/strong> explicativo dentro do material para ajudar na montagem e uma atividade para ajudar na memoriza\u00e7\u00e3o da sequencia dos planetas.<\/p>\n<p>Esse material permite uma s\u00e9rie de abordagens que ir\u00e3o enriquecer o aprendizado al\u00e9m de cultivar o amor por aprender.<\/p>\n<p>&nbsp;<\/p>\n","protected":false},"excerpt":{"rendered":"<p>Vem aprender brincando! Arquivo em PDF Nesse material voc\u00ea ter\u00e1\u00a0 v\u00e1rias atividades din\u00e2micas e divertidas para complementar os estudos sobre os planetas do sistema solar para diversas idades. S\u00e3o 4 projetos interativos, sendo um planet\u00e1rio girat\u00f3rio, um m\u00f3bile lind\u00edssimo, todos acompanham uma explica\u00e7\u00e3o detalhada, para finalizar tem um projeto em 3D que acompanha um v\u00eddeo [&hellip;]<\/p>\n","protected":false},"featured_media":2564,"template":"","meta":[],"product_brand":[],"product_cat":[411,410,412,407,238,113],"product_tag":[250,259,118,119,177,264,265,263,261,262,266,121,260],"class_list":{"0":"post-2557","1":"product","2":"type-product","3":"status-publish","4":"has-post-thumbnail","6":"product_cat-0-4-anos","7":"product_cat-5-8-anos","8":"product_cat-9-14-anos","9":"product_cat-para-familia-toda","10":"product_cat-geografia","11":"product_cat-diversos","12":"product_tag-astronomia","13":"product_tag-astros","14":"product_tag-educacao-domiciliar","15":"product_tag-ensino-domiciliar","16":"product_tag-familyhastools","17":"product_tag-geografia-na-pratica","18":"product_tag-material-didatico-divertido","19":"product_tag-planeta-terra","20":"product_tag-planetario","21":"product_tag-planetario-3d","22":"product_tag-planetas","23":"product_tag-rachel-haswell","24":"product_tag-sistema-solar","26":"first","27":"instock","28":"downloadable","29":"virtual","30":"purchasable","31":"product-type-simple"},"yoast_head":"<!-- This site is optimized with the Yoast SEO plugin v25.3 - https:\/\/yoast.com\/wordpress\/plugins\/seo\/ -->\n<title>Brincando com os astros - Family Has Tools<\/title>\n<meta name=\"description\" content=\"Vem aprender brincando!Nesse material voc\u00ea ter\u00e1\u00a0 v\u00e1rias atividades din\u00e2micas e divertidas para complementar os estudos sobre os planetas do sistema solar para diversas idades.\u00a0S\u00e3o 4 projetos interativos, sendo um planet\u00e1rio girat\u00f3rio, um m\u00f3bile lind\u00edssimo, um projeto em 3D que acompanha um video explicativo dentro do material para ajudar na montagem e um atividade para ajudar na memoriza\u00e7\u00e3o da sequencia dos planetas.Esse material permite uma s\u00e9rie de abordagens que ir\u00e3o enriquecer o aprendizado al\u00e9m de cultivar o amor por aprender.\" \/>\n<meta name=\"robots\" content=\"index, follow, max-snippet:-1, max-image-preview:large, max-video-preview:-1\" \/>\n<link rel=\"canonical\" href=\"https:\/\/www.familyhastools.com\/index.php\/product\/brincando-com-os-astros\/\" \/>\n<meta property=\"og:locale\" content=\"pt_BR\" \/>\n<meta property=\"og:type\" content=\"article\" \/>\n<meta property=\"og:title\" content=\"Brincando com os astros - Family Has Tools\" \/>\n<meta property=\"og:description\" content=\"Vem aprender brincando!Nesse material voc\u00ea ter\u00e1\u00a0 v\u00e1rias atividades din\u00e2micas e divertidas para complementar os estudos sobre os planetas do sistema solar para diversas idades.\u00a0S\u00e3o 4 projetos interativos, sendo um planet\u00e1rio girat\u00f3rio, um m\u00f3bile lind\u00edssimo, um projeto em 3D que acompanha um video explicativo dentro do material para ajudar na montagem e um atividade para ajudar na memoriza\u00e7\u00e3o da sequencia dos planetas.Esse material permite uma s\u00e9rie de abordagens que ir\u00e3o enriquecer o aprendizado al\u00e9m de cultivar o amor por aprender.\" \/>\n<meta property=\"og:url\" content=\"https:\/\/www.familyhastools.com\/index.php\/product\/brincando-com-os-astros\/\" \/>\n<meta property=\"og:site_name\" content=\"Family Has Tools\" \/>\n<meta property=\"article:modified_time\" content=\"2023-09-27T20:39:54+00:00\" \/>\n<meta property=\"og:image\" content=\"https:\/\/www.familyhastools.com\/wp-content\/uploads\/2020\/07\/Slide3.png\" \/>\n\t<meta property=\"og:image:width\" content=\"1280\" \/>\n\t<meta property=\"og:image:height\" content=\"720\" \/>\n\t<meta property=\"og:image:type\" content=\"image\/png\" \/>\n<meta name=\"twitter:card\" content=\"summary_large_image\" \/>\n<meta name=\"twitter:label1\" content=\"Est. tempo de leitura\" \/>\n\t<meta name=\"twitter:data1\" content=\"1 minuto\" \/>\n<script type=\"application\/ld+json\" class=\"yoast-schema-graph\">{\"@context\":\"https:\/\/schema.org\",\"@graph\":[{\"@type\":\"WebPage\",\"@id\":\"https:\/\/www.familyhastools.com\/index.php\/product\/brincando-com-os-astros\/\",\"url\":\"https:\/\/www.familyhastools.com\/index.php\/product\/brincando-com-os-astros\/\",\"name\":\"Brincando com os astros - Family Has Tools\",\"isPartOf\":{\"@id\":\"https:\/\/www.familyhastools.com\/#website\"},\"primaryImageOfPage\":{\"@id\":\"https:\/\/www.familyhastools.com\/index.php\/product\/brincando-com-os-astros\/#primaryimage\"},\"image\":{\"@id\":\"https:\/\/www.familyhastools.com\/index.php\/product\/brincando-com-os-astros\/#primaryimage\"},\"thumbnailUrl\":\"https:\/\/www.familyhastools.com\/wp-content\/uploads\/2020\/07\/Slide3.png\",\"datePublished\":\"2020-07-30T18:22:00+00:00\",\"dateModified\":\"2023-09-27T20:39:54+00:00\",\"description\":\"Vem aprender brincando!Nesse material voc\u00ea ter\u00e1\u00a0 v\u00e1rias atividades din\u00e2micas e divertidas para complementar os estudos sobre os planetas do sistema solar para diversas idades.\u00a0S\u00e3o 4 projetos interativos, sendo um planet\u00e1rio girat\u00f3rio, um m\u00f3bile lind\u00edssimo, um projeto em 3D que acompanha um video explicativo dentro do material para ajudar na montagem e um atividade para ajudar na memoriza\u00e7\u00e3o da sequencia dos planetas.Esse material permite uma s\u00e9rie de abordagens que ir\u00e3o enriquecer o aprendizado al\u00e9m de cultivar o amor por aprender.\",\"breadcrumb\":{\"@id\":\"https:\/\/www.familyhastools.com\/index.php\/product\/brincando-com-os-astros\/#breadcrumb\"},\"inLanguage\":\"pt-BR\",\"potentialAction\":[{\"@type\":\"ReadAction\",\"target\":[\"https:\/\/www.familyhastools.com\/index.php\/product\/brincando-com-os-astros\/\"]}]},{\"@type\":\"ImageObject\",\"inLanguage\":\"pt-BR\",\"@id\":\"https:\/\/www.familyhastools.com\/index.php\/product\/brincando-com-os-astros\/#primaryimage\",\"url\":\"https:\/\/www.familyhastools.com\/wp-content\/uploads\/2020\/07\/Slide3.png\",\"contentUrl\":\"https:\/\/www.familyhastools.com\/wp-content\/uploads\/2020\/07\/Slide3.png\",\"width\":1280,\"height\":720},{\"@type\":\"BreadcrumbList\",\"@id\":\"https:\/\/www.familyhastools.com\/index.php\/product\/brincando-com-os-astros\/#breadcrumb\",\"itemListElement\":[{\"@type\":\"ListItem\",\"position\":1,\"name\":\"In\u00edcio\",\"item\":\"https:\/\/www.familyhastools.com\/\"},{\"@type\":\"ListItem\",\"position\":2,\"name\":\"Loja\",\"item\":\"https:\/\/www.familyhastools.com\/index.php\/loja-2\/\"},{\"@type\":\"ListItem\",\"position\":3,\"name\":\"Brincando com os astros\"}]},{\"@type\":\"WebSite\",\"@id\":\"https:\/\/www.familyhastools.com\/#website\",\"url\":\"https:\/\/www.familyhastools.com\/\",\"name\":\"Family Has Tools\",\"description\":\"A jornada de nossa familia homeschooler\",\"publisher\":{\"@id\":\"https:\/\/www.familyhastools.com\/#organization\"},\"potentialAction\":[{\"@type\":\"SearchAction\",\"target\":{\"@type\":\"EntryPoint\",\"urlTemplate\":\"https:\/\/www.familyhastools.com\/?s={search_term_string}\"},\"query-input\":{\"@type\":\"PropertyValueSpecification\",\"valueRequired\":true,\"valueName\":\"search_term_string\"}}],\"inLanguage\":\"pt-BR\"},{\"@type\":\"Organization\",\"@id\":\"https:\/\/www.familyhastools.com\/#organization\",\"name\":\"Family Has Tools\",\"url\":\"https:\/\/www.familyhastools.com\/\",\"logo\":{\"@type\":\"ImageObject\",\"inLanguage\":\"pt-BR\",\"@id\":\"https:\/\/www.familyhastools.com\/#\/schema\/logo\/image\/\",\"url\":\"https:\/\/www.familyhastools.com\/wp-content\/uploads\/2020\/05\/logo-com-Arthur-_grande.png\",\"contentUrl\":\"https:\/\/www.familyhastools.com\/wp-content\/uploads\/2020\/05\/logo-com-Arthur-_grande.png\",\"width\":2350,\"height\":1000,\"caption\":\"Family Has Tools\"},\"image\":{\"@id\":\"https:\/\/www.familyhastools.com\/#\/schema\/logo\/image\/\"}}]}<\/script>\n<!-- \/ Yoast SEO plugin. -->","yoast_head_json":{"title":"Brincando com os astros - Family Has Tools","description":"Vem aprender brincando!Nesse material voc\u00ea ter\u00e1\u00a0 v\u00e1rias atividades din\u00e2micas e divertidas para complementar os estudos sobre os planetas do sistema solar para diversas idades.\u00a0S\u00e3o 4 projetos interativos, sendo um planet\u00e1rio girat\u00f3rio, um m\u00f3bile lind\u00edssimo, um projeto em 3D que acompanha um video explicativo dentro do material para ajudar na montagem e um atividade para ajudar na memoriza\u00e7\u00e3o da sequencia dos planetas.Esse material permite uma s\u00e9rie de abordagens que ir\u00e3o enriquecer o aprendizado al\u00e9m de cultivar o amor por aprender.","robots":{"index":"index","follow":"follow","max-snippet":"max-snippet:-1","max-image-preview":"max-image-preview:large","max-video-preview":"max-video-preview:-1"},"canonical":"https:\/\/www.familyhastools.com\/index.php\/product\/brincando-com-os-astros\/","og_locale":"pt_BR","og_type":"article","og_title":"Brincando com os astros - Family Has Tools","og_description":"Vem aprender brincando!Nesse material voc\u00ea ter\u00e1\u00a0 v\u00e1rias atividades din\u00e2micas e divertidas para complementar os estudos sobre os planetas do sistema solar para diversas idades.\u00a0S\u00e3o 4 projetos interativos, sendo um planet\u00e1rio girat\u00f3rio, um m\u00f3bile lind\u00edssimo, um projeto em 3D que acompanha um video explicativo dentro do material para ajudar na montagem e um atividade para ajudar na memoriza\u00e7\u00e3o da sequencia dos planetas.Esse material permite uma s\u00e9rie de abordagens que ir\u00e3o enriquecer o aprendizado al\u00e9m de cultivar o amor por aprender.","og_url":"https:\/\/www.familyhastools.com\/index.php\/product\/brincando-com-os-astros\/","og_site_name":"Family Has Tools","article_modified_time":"2023-09-27T20:39:54+00:00","og_image":[{"width":1280,"height":720,"url":"https:\/\/www.familyhastools.com\/wp-content\/uploads\/2020\/07\/Slide3.png","type":"image\/png"}],"twitter_card":"summary_large_image","twitter_misc":{"Est. tempo de leitura":"1 minuto"},"schema":{"@context":"https:\/\/schema.org","@graph":[{"@type":"WebPage","@id":"https:\/\/www.familyhastools.com\/index.php\/product\/brincando-com-os-astros\/","url":"https:\/\/www.familyhastools.com\/index.php\/product\/brincando-com-os-astros\/","name":"Brincando com os astros - Family Has Tools","isPartOf":{"@id":"https:\/\/www.familyhastools.com\/#website"},"primaryImageOfPage":{"@id":"https:\/\/www.familyhastools.com\/index.php\/product\/brincando-com-os-astros\/#primaryimage"},"image":{"@id":"https:\/\/www.familyhastools.com\/index.php\/product\/brincando-com-os-astros\/#primaryimage"},"thumbnailUrl":"https:\/\/www.familyhastools.com\/wp-content\/uploads\/2020\/07\/Slide3.png","datePublished":"2020-07-30T18:22:00+00:00","dateModified":"2023-09-27T20:39:54+00:00","description":"Vem aprender brincando!Nesse material voc\u00ea ter\u00e1\u00a0 v\u00e1rias atividades din\u00e2micas e divertidas para complementar os estudos sobre os planetas do sistema solar para diversas idades.\u00a0S\u00e3o 4 projetos interativos, sendo um planet\u00e1rio girat\u00f3rio, um m\u00f3bile lind\u00edssimo, um projeto em 3D que acompanha um video explicativo dentro do material para ajudar na montagem e um atividade para ajudar na memoriza\u00e7\u00e3o da sequencia dos planetas.Esse material permite uma s\u00e9rie de abordagens que ir\u00e3o enriquecer o aprendizado al\u00e9m de cultivar o amor por aprender.","breadcrumb":{"@id":"https:\/\/www.familyhastools.com\/index.php\/product\/brincando-com-os-astros\/#breadcrumb"},"inLanguage":"pt-BR","potentialAction":[{"@type":"ReadAction","target":["https:\/\/www.familyhastools.com\/index.php\/product\/brincando-com-os-astros\/"]}]},{"@type":"ImageObject","inLanguage":"pt-BR","@id":"https:\/\/www.familyhastools.com\/index.php\/product\/brincando-com-os-astros\/#primaryimage","url":"https:\/\/www.familyhastools.com\/wp-content\/uploads\/2020\/07\/Slide3.png","contentUrl":"https:\/\/www.familyhastools.com\/wp-content\/uploads\/2020\/07\/Slide3.png","width":1280,"height":720},{"@type":"BreadcrumbList","@id":"https:\/\/www.familyhastools.com\/index.php\/product\/brincando-com-os-astros\/#breadcrumb","itemListElement":[{"@type":"ListItem","position":1,"name":"In\u00edcio","item":"https:\/\/www.familyhastools.com\/"},{"@type":"ListItem","position":2,"name":"Loja","item":"https:\/\/www.familyhastools.com\/index.php\/loja-2\/"},{"@type":"ListItem","position":3,"name":"Brincando com os astros"}]},{"@type":"WebSite","@id":"https:\/\/www.familyhastools.com\/#website","url":"https:\/\/www.familyhastools.com\/","name":"Family Has Tools","description":"A jornada de nossa familia homeschooler","publisher":{"@id":"https:\/\/www.familyhastools.com\/#organization"},"potentialAction":[{"@type":"SearchAction","target":{"@type":"EntryPoint","urlTemplate":"https:\/\/www.familyhastools.com\/?s={search_term_string}"},"query-input":{"@type":"PropertyValueSpecification","valueRequired":true,"valueName":"search_term_string"}}],"inLanguage":"pt-BR"},{"@type":"Organization","@id":"https:\/\/www.familyhastools.com\/#organization","name":"Family Has Tools","url":"https:\/\/www.familyhastools.com\/","logo":{"@type":"ImageObject","inLanguage":"pt-BR","@id":"https:\/\/www.familyhastools.com\/#\/schema\/logo\/image\/","url":"https:\/\/www.familyhastools.com\/wp-content\/uploads\/2020\/05\/logo-com-Arthur-_grande.png","contentUrl":"https:\/\/www.familyhastools.com\/wp-content\/uploads\/2020\/05\/logo-com-Arthur-_grande.png","width":2350,"height":1000,"caption":"Family Has Tools"},"image":{"@id":"https:\/\/www.familyhastools.com\/#\/schema\/logo\/image\/"}}]}},"_links":{"self":[{"href":"https:\/\/www.familyhastools.com\/index.php\/wp-json\/wp\/v2\/product\/2557","targetHints":{"allow":["GET"]}}],"collection":[{"href":"https:\/\/www.familyhastools.com\/index.php\/wp-json\/wp\/v2\/product"}],"about":[{"href":"https:\/\/www.familyhastools.com\/index.php\/wp-json\/wp\/v2\/types\/product"}],"wp:featuredmedia":[{"embeddable":true,"href":"https:\/\/www.familyhastools.com\/index.php\/wp-json\/wp\/v2\/media\/2564"}],"wp:attachment":[{"href":"https:\/\/www.familyhastools.com\/index.php\/wp-json\/wp\/v2\/media?parent=2557"}],"wp:term":[{"taxonomy":"product_brand","embeddable":true,"href":"https:\/\/www.familyhastools.com\/index.php\/wp-json\/wp\/v2\/product_brand?post=2557"},{"taxonomy":"product_cat","embeddable":true,"href":"https:\/\/www.familyhastools.com\/index.php\/wp-json\/wp\/v2\/product_cat?post=2557"},{"taxonomy":"product_tag","embeddable":true,"href":"https:\/\/www.familyhastools.com\/index.php\/wp-json\/wp\/v2\/product_tag?post=2557"}],"curies":[{"name":"wp","href":"https:\/\/api.w.org\/{rel}","templated":true}]}}