{"id":2024,"date":"2020-06-27T02:32:50","date_gmt":"2020-06-27T02:32:50","guid":{"rendered":"https:\/\/www.familyhastools.com\/?post_type=product&#038;p=2024"},"modified":"2023-09-27T20:40:22","modified_gmt":"2023-09-27T20:40:22","slug":"vogais-alfabeto-vintage-face-unica","status":"publish","type":"product","link":"https:\/\/www.familyhastools.com\/index.php\/product\/vogais-alfabeto-vintage-face-unica\/","title":{"rendered":"Vogais alfabeto Vintage &#8211; Face \u00f9nica"},"content":{"rendered":"<p>&nbsp;<\/p>\n<p>Arquivo em <strong>PDF<\/strong>.<\/p>\n<p>Cont\u00e9m apenas um conjunto de flash cards tamanho jumbo das <strong>vogais<\/strong> &#8211; <strong>modelo Face \u00fanica.<\/strong><\/p>\n<p>Grafia cursiva e de forma, inclui tamb\u00e9m\u00a0 uma capa para o conjunto.<\/p>\n","protected":false},"excerpt":{"rendered":"<p>&nbsp; Arquivo em PDF. Cont\u00e9m apenas um conjunto de flash cards tamanho jumbo das vogais &#8211; modelo Face \u00fanica. Grafia cursiva e de forma, inclui tamb\u00e9m\u00a0 uma capa para o conjunto.<\/p>\n","protected":false},"featured_media":2027,"template":"","meta":[],"product_brand":[],"product_cat":[411,407,145],"product_tag":[151,191,257,256],"class_list":{"0":"post-2024","1":"product","2":"type-product","3":"status-publish","4":"has-post-thumbnail","6":"product_cat-0-4-anos","7":"product_cat-para-familia-toda","8":"product_cat-alfabetizacao","9":"product_tag-alfabeto","10":"product_tag-alfabeto-maiusculo-e-minusculo","11":"product_tag-alfabeto-vintage","12":"product_tag-vogais-alfabeto","14":"first","15":"instock","16":"downloadable","17":"virtual","18":"purchasable","19":"product-type-simple"},"yoast_head":"<!-- This site is optimized with the Yoast SEO plugin v25.3 - https:\/\/yoast.com\/wordpress\/plugins\/seo\/ -->\n<title>Vogais alfabeto Vintage - Face \u00f9nica - Family Has Tools<\/title>\n<meta name=\"robots\" content=\"index, follow, max-snippet:-1, max-image-preview:large, max-video-preview:-1\" \/>\n<link rel=\"canonical\" href=\"https:\/\/www.familyhastools.com\/index.php\/product\/vogais-alfabeto-vintage-face-unica\/\" \/>\n<meta property=\"og:locale\" content=\"pt_BR\" \/>\n<meta property=\"og:type\" content=\"article\" \/>\n<meta property=\"og:title\" content=\"Vogais alfabeto Vintage - Face \u00f9nica - Family Has Tools\" \/>\n<meta property=\"og:description\" content=\"&nbsp; Arquivo em PDF. Cont\u00e9m apenas um conjunto de flash cards tamanho jumbo das vogais &#8211; modelo Face \u00fanica. Grafia cursiva e de forma, inclui tamb\u00e9m\u00a0 uma capa para o conjunto.\" \/>\n<meta property=\"og:url\" content=\"https:\/\/www.familyhastools.com\/index.php\/product\/vogais-alfabeto-vintage-face-unica\/\" \/>\n<meta property=\"og:site_name\" content=\"Family Has Tools\" \/>\n<meta property=\"article:modified_time\" content=\"2023-09-27T20:40:22+00:00\" \/>\n<meta property=\"og:image\" content=\"https:\/\/www.familyhastools.com\/wp-content\/uploads\/2020\/06\/Capa_Vogais-do-alfabeto-vintage.png\" \/>\n\t<meta property=\"og:image:width\" content=\"1040\" \/>\n\t<meta property=\"og:image:height\" content=\"720\" \/>\n\t<meta property=\"og:image:type\" content=\"image\/png\" \/>\n<meta name=\"twitter:card\" content=\"summary_large_image\" \/>\n<script type=\"application\/ld+json\" class=\"yoast-schema-graph\">{\"@context\":\"https:\/\/schema.org\",\"@graph\":[{\"@type\":\"WebPage\",\"@id\":\"https:\/\/www.familyhastools.com\/index.php\/product\/vogais-alfabeto-vintage-face-unica\/\",\"url\":\"https:\/\/www.familyhastools.com\/index.php\/product\/vogais-alfabeto-vintage-face-unica\/\",\"name\":\"Vogais alfabeto Vintage - Face \u00f9nica - Family Has Tools\",\"isPartOf\":{\"@id\":\"https:\/\/www.familyhastools.com\/#website\"},\"primaryImageOfPage\":{\"@id\":\"https:\/\/www.familyhastools.com\/index.php\/product\/vogais-alfabeto-vintage-face-unica\/#primaryimage\"},\"image\":{\"@id\":\"https:\/\/www.familyhastools.com\/index.php\/product\/vogais-alfabeto-vintage-face-unica\/#primaryimage\"},\"thumbnailUrl\":\"https:\/\/www.familyhastools.com\/wp-content\/uploads\/2020\/06\/Capa_Vogais-do-alfabeto-vintage.png\",\"datePublished\":\"2020-06-27T02:32:50+00:00\",\"dateModified\":\"2023-09-27T20:40:22+00:00\",\"breadcrumb\":{\"@id\":\"https:\/\/www.familyhastools.com\/index.php\/product\/vogais-alfabeto-vintage-face-unica\/#breadcrumb\"},\"inLanguage\":\"pt-BR\",\"potentialAction\":[{\"@type\":\"ReadAction\",\"target\":[\"https:\/\/www.familyhastools.com\/index.php\/product\/vogais-alfabeto-vintage-face-unica\/\"]}]},{\"@type\":\"ImageObject\",\"inLanguage\":\"pt-BR\",\"@id\":\"https:\/\/www.familyhastools.com\/index.php\/product\/vogais-alfabeto-vintage-face-unica\/#primaryimage\",\"url\":\"https:\/\/www.familyhastools.com\/wp-content\/uploads\/2020\/06\/Capa_Vogais-do-alfabeto-vintage.png\",\"contentUrl\":\"https:\/\/www.familyhastools.com\/wp-content\/uploads\/2020\/06\/Capa_Vogais-do-alfabeto-vintage.png\",\"width\":1040,\"height\":720},{\"@type\":\"BreadcrumbList\",\"@id\":\"https:\/\/www.familyhastools.com\/index.php\/product\/vogais-alfabeto-vintage-face-unica\/#breadcrumb\",\"itemListElement\":[{\"@type\":\"ListItem\",\"position\":1,\"name\":\"In\u00edcio\",\"item\":\"https:\/\/www.familyhastools.com\/\"},{\"@type\":\"ListItem\",\"position\":2,\"name\":\"Loja\",\"item\":\"https:\/\/www.familyhastools.com\/index.php\/loja-2\/\"},{\"@type\":\"ListItem\",\"position\":3,\"name\":\"Vogais alfabeto Vintage &#8211; Face \u00f9nica\"}]},{\"@type\":\"WebSite\",\"@id\":\"https:\/\/www.familyhastools.com\/#website\",\"url\":\"https:\/\/www.familyhastools.com\/\",\"name\":\"Family Has Tools\",\"description\":\"A jornada de nossa familia homeschooler\",\"publisher\":{\"@id\":\"https:\/\/www.familyhastools.com\/#organization\"},\"potentialAction\":[{\"@type\":\"SearchAction\",\"target\":{\"@type\":\"EntryPoint\",\"urlTemplate\":\"https:\/\/www.familyhastools.com\/?s={search_term_string}\"},\"query-input\":{\"@type\":\"PropertyValueSpecification\",\"valueRequired\":true,\"valueName\":\"search_term_string\"}}],\"inLanguage\":\"pt-BR\"},{\"@type\":\"Organization\",\"@id\":\"https:\/\/www.familyhastools.com\/#organization\",\"name\":\"Family Has Tools\",\"url\":\"https:\/\/www.familyhastools.com\/\",\"logo\":{\"@type\":\"ImageObject\",\"inLanguage\":\"pt-BR\",\"@id\":\"https:\/\/www.familyhastools.com\/#\/schema\/logo\/image\/\",\"url\":\"https:\/\/www.familyhastools.com\/wp-content\/uploads\/2020\/05\/logo-com-Arthur-_grande.png\",\"contentUrl\":\"https:\/\/www.familyhastools.com\/wp-content\/uploads\/2020\/05\/logo-com-Arthur-_grande.png\",\"width\":2350,\"height\":1000,\"caption\":\"Family Has Tools\"},\"image\":{\"@id\":\"https:\/\/www.familyhastools.com\/#\/schema\/logo\/image\/\"}}]}<\/script>\n<!-- \/ Yoast SEO plugin. -->","yoast_head_json":{"title":"Vogais alfabeto Vintage - Face \u00f9nica - Family Has Tools","robots":{"index":"index","follow":"follow","max-snippet":"max-snippet:-1","max-image-preview":"max-image-preview:large","max-video-preview":"max-video-preview:-1"},"canonical":"https:\/\/www.familyhastools.com\/index.php\/product\/vogais-alfabeto-vintage-face-unica\/","og_locale":"pt_BR","og_type":"article","og_title":"Vogais alfabeto Vintage - Face \u00f9nica - Family Has Tools","og_description":"&nbsp; Arquivo em PDF. Cont\u00e9m apenas um conjunto de flash cards tamanho jumbo das vogais &#8211; modelo Face \u00fanica. Grafia cursiva e de forma, inclui tamb\u00e9m\u00a0 uma capa para o conjunto.","og_url":"https:\/\/www.familyhastools.com\/index.php\/product\/vogais-alfabeto-vintage-face-unica\/","og_site_name":"Family Has Tools","article_modified_time":"2023-09-27T20:40:22+00:00","og_image":[{"width":1040,"height":720,"url":"https:\/\/www.familyhastools.com\/wp-content\/uploads\/2020\/06\/Capa_Vogais-do-alfabeto-vintage.png","type":"image\/png"}],"twitter_card":"summary_large_image","schema":{"@context":"https:\/\/schema.org","@graph":[{"@type":"WebPage","@id":"https:\/\/www.familyhastools.com\/index.php\/product\/vogais-alfabeto-vintage-face-unica\/","url":"https:\/\/www.familyhastools.com\/index.php\/product\/vogais-alfabeto-vintage-face-unica\/","name":"Vogais alfabeto Vintage - Face \u00f9nica - Family Has Tools","isPartOf":{"@id":"https:\/\/www.familyhastools.com\/#website"},"primaryImageOfPage":{"@id":"https:\/\/www.familyhastools.com\/index.php\/product\/vogais-alfabeto-vintage-face-unica\/#primaryimage"},"image":{"@id":"https:\/\/www.familyhastools.com\/index.php\/product\/vogais-alfabeto-vintage-face-unica\/#primaryimage"},"thumbnailUrl":"https:\/\/www.familyhastools.com\/wp-content\/uploads\/2020\/06\/Capa_Vogais-do-alfabeto-vintage.png","datePublished":"2020-06-27T02:32:50+00:00","dateModified":"2023-09-27T20:40:22+00:00","breadcrumb":{"@id":"https:\/\/www.familyhastools.com\/index.php\/product\/vogais-alfabeto-vintage-face-unica\/#breadcrumb"},"inLanguage":"pt-BR","potentialAction":[{"@type":"ReadAction","target":["https:\/\/www.familyhastools.com\/index.php\/product\/vogais-alfabeto-vintage-face-unica\/"]}]},{"@type":"ImageObject","inLanguage":"pt-BR","@id":"https:\/\/www.familyhastools.com\/index.php\/product\/vogais-alfabeto-vintage-face-unica\/#primaryimage","url":"https:\/\/www.familyhastools.com\/wp-content\/uploads\/2020\/06\/Capa_Vogais-do-alfabeto-vintage.png","contentUrl":"https:\/\/www.familyhastools.com\/wp-content\/uploads\/2020\/06\/Capa_Vogais-do-alfabeto-vintage.png","width":1040,"height":720},{"@type":"BreadcrumbList","@id":"https:\/\/www.familyhastools.com\/index.php\/product\/vogais-alfabeto-vintage-face-unica\/#breadcrumb","itemListElement":[{"@type":"ListItem","position":1,"name":"In\u00edcio","item":"https:\/\/www.familyhastools.com\/"},{"@type":"ListItem","position":2,"name":"Loja","item":"https:\/\/www.familyhastools.com\/index.php\/loja-2\/"},{"@type":"ListItem","position":3,"name":"Vogais alfabeto Vintage &#8211; Face \u00f9nica"}]},{"@type":"WebSite","@id":"https:\/\/www.familyhastools.com\/#website","url":"https:\/\/www.familyhastools.com\/","name":"Family Has Tools","description":"A jornada de nossa familia homeschooler","publisher":{"@id":"https:\/\/www.familyhastools.com\/#organization"},"potentialAction":[{"@type":"SearchAction","target":{"@type":"EntryPoint","urlTemplate":"https:\/\/www.familyhastools.com\/?s={search_term_string}"},"query-input":{"@type":"PropertyValueSpecification","valueRequired":true,"valueName":"search_term_string"}}],"inLanguage":"pt-BR"},{"@type":"Organization","@id":"https:\/\/www.familyhastools.com\/#organization","name":"Family Has Tools","url":"https:\/\/www.familyhastools.com\/","logo":{"@type":"ImageObject","inLanguage":"pt-BR","@id":"https:\/\/www.familyhastools.com\/#\/schema\/logo\/image\/","url":"https:\/\/www.familyhastools.com\/wp-content\/uploads\/2020\/05\/logo-com-Arthur-_grande.png","contentUrl":"https:\/\/www.familyhastools.com\/wp-content\/uploads\/2020\/05\/logo-com-Arthur-_grande.png","width":2350,"height":1000,"caption":"Family Has Tools"},"image":{"@id":"https:\/\/www.familyhastools.com\/#\/schema\/logo\/image\/"}}]}},"_links":{"self":[{"href":"https:\/\/www.familyhastools.com\/index.php\/wp-json\/wp\/v2\/product\/2024","targetHints":{"allow":["GET"]}}],"collection":[{"href":"https:\/\/www.familyhastools.com\/index.php\/wp-json\/wp\/v2\/product"}],"about":[{"href":"https:\/\/www.familyhastools.com\/index.php\/wp-json\/wp\/v2\/types\/product"}],"wp:featuredmedia":[{"embeddable":true,"href":"https:\/\/www.familyhastools.com\/index.php\/wp-json\/wp\/v2\/media\/2027"}],"wp:attachment":[{"href":"https:\/\/www.familyhastools.com\/index.php\/wp-json\/wp\/v2\/media?parent=2024"}],"wp:term":[{"taxonomy":"product_brand","embeddable":true,"href":"https:\/\/www.familyhastools.com\/index.php\/wp-json\/wp\/v2\/product_brand?post=2024"},{"taxonomy":"product_cat","embeddable":true,"href":"https:\/\/www.familyhastools.com\/index.php\/wp-json\/wp\/v2\/product_cat?post=2024"},{"taxonomy":"product_tag","embeddable":true,"href":"https:\/\/www.familyhastools.com\/index.php\/wp-json\/wp\/v2\/product_tag?post=2024"}],"curies":[{"name":"wp","href":"https:\/\/api.w.org\/{rel}","templated":true}]}}