{"id":1244,"date":"2018-11-21T17:37:09","date_gmt":"2018-11-21T17:37:09","guid":{"rendered":"http:\/\/familyhastools.com\/?post_type=product&#038;p=1244"},"modified":"2023-09-27T20:42:53","modified_gmt":"2023-09-27T20:42:53","slug":"flash-cards-classicos-para-alfabetizacao-pelo-metodo-fonico-com-ilustracoes-vintage","status":"publish","type":"product","link":"https:\/\/www.familyhastools.com\/index.php\/product\/flash-cards-classicos-para-alfabetizacao-pelo-metodo-fonico-com-ilustracoes-vintage\/","title":{"rendered":"Flash Cards cl\u00e1ssicos para alfabetiza\u00e7\u00e3o pelo m\u00e9todo f\u00f4nico com ilustra\u00e7\u00f5es vintage"},"content":{"rendered":"<p>Este material foi especialmente desenvolvido para uso na alfabetiza\u00e7\u00e3o f\u00f4nica.<\/p>\n<p>Inspirado em curr\u00edculos cl\u00e1ssicos americanos (The Well Trainned Mind, Memoria Press, entre outros).<\/p>\n<p>Neste conjunto est\u00e3o inclusos o alfabeto \u00a0completo em lindas ilustra\u00e7\u00f5es vintages.<\/p>\n<p>Conte\u00fado:\u00a0Produto Digital. (PDF)<\/p>\n<p>Inclui:<\/p>\n<ul>\n<li>alfabeto frente e verso<\/li>\n<li>alfabeto apenas frente com\u00a0grafia manuscrita junto com a letra de forma.<\/li>\n<\/ul>\n","protected":false},"excerpt":{"rendered":"<p>Este material foi especialmente desenvolvido para uso na alfabetiza\u00e7\u00e3o f\u00f4nica. Inspirado em curr\u00edculos cl\u00e1ssicos americanos (The Well Trainned Mind, Memoria Press, entre outros). Neste conjunto est\u00e3o inclusos o alfabeto \u00a0completo em lindas ilustra\u00e7\u00f5es vintages. Conte\u00fado:\u00a0Produto Digital. (PDF) Inclui: alfabeto frente e verso alfabeto apenas frente com\u00a0grafia manuscrita junto com a letra de forma.<\/p>\n","protected":false},"featured_media":1349,"template":"","meta":[],"product_brand":[],"product_cat":[411,410,407,145],"product_tag":[150,149,146,151,136,118,119,120,148,153,130,147,155,156,154,152],"class_list":{"0":"post-1244","1":"product","2":"type-product","3":"status-publish","4":"has-post-thumbnail","6":"product_cat-0-4-anos","7":"product_cat-5-8-anos","8":"product_cat-para-familia-toda","9":"product_cat-alfabetizacao","10":"product_tag-alafabeto-fonico","11":"product_tag-alfabetizacao","12":"product_tag-alfabetizacao-fonica","13":"product_tag-alfabeto","14":"product_tag-ciencias","15":"product_tag-educacao-domiciliar","16":"product_tag-ensino-domiciliar","17":"product_tag-family-has-tools","18":"product_tag-fonicos","19":"product_tag-ilustracoes-vintage","20":"product_tag-material-de-apoio","21":"product_tag-metodo-fonico","22":"product_tag-portugues","23":"product_tag-portugues-brasil","24":"product_tag-preto-e-branco","25":"product_tag-vintage","27":"first","28":"instock","29":"downloadable","30":"virtual","31":"purchasable","32":"product-type-simple"},"yoast_head":"<!-- This site is optimized with the Yoast SEO plugin v25.3 - https:\/\/yoast.com\/wordpress\/plugins\/seo\/ -->\n<title>Flash Cards cl\u00e1ssicos para alfabetiza\u00e7\u00e3o pelo m\u00e9todo f\u00f4nico com ilustra\u00e7\u00f5es vintage - Family Has Tools<\/title>\n<meta name=\"robots\" content=\"index, follow, max-snippet:-1, max-image-preview:large, max-video-preview:-1\" \/>\n<link rel=\"canonical\" href=\"https:\/\/www.familyhastools.com\/index.php\/product\/flash-cards-classicos-para-alfabetizacao-pelo-metodo-fonico-com-ilustracoes-vintage\/\" \/>\n<meta property=\"og:locale\" content=\"pt_BR\" \/>\n<meta property=\"og:type\" content=\"article\" \/>\n<meta property=\"og:title\" content=\"Flash Cards cl\u00e1ssicos para alfabetiza\u00e7\u00e3o pelo m\u00e9todo f\u00f4nico com ilustra\u00e7\u00f5es vintage - Family Has Tools\" \/>\n<meta property=\"og:description\" content=\"Este material foi especialmente desenvolvido para uso na alfabetiza\u00e7\u00e3o f\u00f4nica. Inspirado em curr\u00edculos cl\u00e1ssicos americanos (The Well Trainned Mind, Memoria Press, entre outros). Neste conjunto est\u00e3o inclusos o alfabeto \u00a0completo em lindas ilustra\u00e7\u00f5es vintages. Conte\u00fado:\u00a0Produto Digital. (PDF) Inclui: alfabeto frente e verso alfabeto apenas frente com\u00a0grafia manuscrita junto com a letra de forma.\" \/>\n<meta property=\"og:url\" content=\"https:\/\/www.familyhastools.com\/index.php\/product\/flash-cards-classicos-para-alfabetizacao-pelo-metodo-fonico-com-ilustracoes-vintage\/\" \/>\n<meta property=\"og:site_name\" content=\"Family Has Tools\" \/>\n<meta property=\"article:modified_time\" content=\"2023-09-27T20:42:53+00:00\" \/>\n<meta property=\"og:image\" content=\"https:\/\/www.familyhastools.com\/wp-content\/uploads\/2018\/11\/Alfabeto-Vintage-Flash-Cards_Face-\u00fanica_Loja.png\" \/>\n\t<meta property=\"og:image:width\" content=\"906\" \/>\n\t<meta property=\"og:image:height\" content=\"640\" \/>\n\t<meta property=\"og:image:type\" content=\"image\/png\" \/>\n<meta name=\"twitter:card\" content=\"summary_large_image\" \/>\n<script type=\"application\/ld+json\" class=\"yoast-schema-graph\">{\"@context\":\"https:\/\/schema.org\",\"@graph\":[{\"@type\":\"WebPage\",\"@id\":\"https:\/\/www.familyhastools.com\/index.php\/product\/flash-cards-classicos-para-alfabetizacao-pelo-metodo-fonico-com-ilustracoes-vintage\/\",\"url\":\"https:\/\/www.familyhastools.com\/index.php\/product\/flash-cards-classicos-para-alfabetizacao-pelo-metodo-fonico-com-ilustracoes-vintage\/\",\"name\":\"Flash Cards cl\u00e1ssicos para alfabetiza\u00e7\u00e3o pelo m\u00e9todo f\u00f4nico com ilustra\u00e7\u00f5es vintage - Family Has Tools\",\"isPartOf\":{\"@id\":\"https:\/\/www.familyhastools.com\/#website\"},\"primaryImageOfPage\":{\"@id\":\"https:\/\/www.familyhastools.com\/index.php\/product\/flash-cards-classicos-para-alfabetizacao-pelo-metodo-fonico-com-ilustracoes-vintage\/#primaryimage\"},\"image\":{\"@id\":\"https:\/\/www.familyhastools.com\/index.php\/product\/flash-cards-classicos-para-alfabetizacao-pelo-metodo-fonico-com-ilustracoes-vintage\/#primaryimage\"},\"thumbnailUrl\":\"https:\/\/www.familyhastools.com\/wp-content\/uploads\/2018\/11\/Alfabeto-Vintage-Flash-Cards_Face-\u00fanica_Loja.png\",\"datePublished\":\"2018-11-21T17:37:09+00:00\",\"dateModified\":\"2023-09-27T20:42:53+00:00\",\"breadcrumb\":{\"@id\":\"https:\/\/www.familyhastools.com\/index.php\/product\/flash-cards-classicos-para-alfabetizacao-pelo-metodo-fonico-com-ilustracoes-vintage\/#breadcrumb\"},\"inLanguage\":\"pt-BR\",\"potentialAction\":[{\"@type\":\"ReadAction\",\"target\":[\"https:\/\/www.familyhastools.com\/index.php\/product\/flash-cards-classicos-para-alfabetizacao-pelo-metodo-fonico-com-ilustracoes-vintage\/\"]}]},{\"@type\":\"ImageObject\",\"inLanguage\":\"pt-BR\",\"@id\":\"https:\/\/www.familyhastools.com\/index.php\/product\/flash-cards-classicos-para-alfabetizacao-pelo-metodo-fonico-com-ilustracoes-vintage\/#primaryimage\",\"url\":\"https:\/\/www.familyhastools.com\/wp-content\/uploads\/2018\/11\/Alfabeto-Vintage-Flash-Cards_Face-\u00fanica_Loja.png\",\"contentUrl\":\"https:\/\/www.familyhastools.com\/wp-content\/uploads\/2018\/11\/Alfabeto-Vintage-Flash-Cards_Face-\u00fanica_Loja.png\",\"width\":906,\"height\":640},{\"@type\":\"BreadcrumbList\",\"@id\":\"https:\/\/www.familyhastools.com\/index.php\/product\/flash-cards-classicos-para-alfabetizacao-pelo-metodo-fonico-com-ilustracoes-vintage\/#breadcrumb\",\"itemListElement\":[{\"@type\":\"ListItem\",\"position\":1,\"name\":\"In\u00edcio\",\"item\":\"https:\/\/www.familyhastools.com\/\"},{\"@type\":\"ListItem\",\"position\":2,\"name\":\"Loja\",\"item\":\"https:\/\/www.familyhastools.com\/index.php\/loja-2\/\"},{\"@type\":\"ListItem\",\"position\":3,\"name\":\"Flash Cards cl\u00e1ssicos para alfabetiza\u00e7\u00e3o pelo m\u00e9todo f\u00f4nico com ilustra\u00e7\u00f5es vintage\"}]},{\"@type\":\"WebSite\",\"@id\":\"https:\/\/www.familyhastools.com\/#website\",\"url\":\"https:\/\/www.familyhastools.com\/\",\"name\":\"Family Has Tools\",\"description\":\"A jornada de nossa familia homeschooler\",\"publisher\":{\"@id\":\"https:\/\/www.familyhastools.com\/#organization\"},\"potentialAction\":[{\"@type\":\"SearchAction\",\"target\":{\"@type\":\"EntryPoint\",\"urlTemplate\":\"https:\/\/www.familyhastools.com\/?s={search_term_string}\"},\"query-input\":{\"@type\":\"PropertyValueSpecification\",\"valueRequired\":true,\"valueName\":\"search_term_string\"}}],\"inLanguage\":\"pt-BR\"},{\"@type\":\"Organization\",\"@id\":\"https:\/\/www.familyhastools.com\/#organization\",\"name\":\"Family Has Tools\",\"url\":\"https:\/\/www.familyhastools.com\/\",\"logo\":{\"@type\":\"ImageObject\",\"inLanguage\":\"pt-BR\",\"@id\":\"https:\/\/www.familyhastools.com\/#\/schema\/logo\/image\/\",\"url\":\"https:\/\/www.familyhastools.com\/wp-content\/uploads\/2020\/05\/logo-com-Arthur-_grande.png\",\"contentUrl\":\"https:\/\/www.familyhastools.com\/wp-content\/uploads\/2020\/05\/logo-com-Arthur-_grande.png\",\"width\":2350,\"height\":1000,\"caption\":\"Family Has Tools\"},\"image\":{\"@id\":\"https:\/\/www.familyhastools.com\/#\/schema\/logo\/image\/\"}}]}<\/script>\n<!-- \/ Yoast SEO plugin. -->","yoast_head_json":{"title":"Flash Cards cl\u00e1ssicos para alfabetiza\u00e7\u00e3o pelo m\u00e9todo f\u00f4nico com ilustra\u00e7\u00f5es vintage - Family Has Tools","robots":{"index":"index","follow":"follow","max-snippet":"max-snippet:-1","max-image-preview":"max-image-preview:large","max-video-preview":"max-video-preview:-1"},"canonical":"https:\/\/www.familyhastools.com\/index.php\/product\/flash-cards-classicos-para-alfabetizacao-pelo-metodo-fonico-com-ilustracoes-vintage\/","og_locale":"pt_BR","og_type":"article","og_title":"Flash Cards cl\u00e1ssicos para alfabetiza\u00e7\u00e3o pelo m\u00e9todo f\u00f4nico com ilustra\u00e7\u00f5es vintage - Family Has Tools","og_description":"Este material foi especialmente desenvolvido para uso na alfabetiza\u00e7\u00e3o f\u00f4nica. Inspirado em curr\u00edculos cl\u00e1ssicos americanos (The Well Trainned Mind, Memoria Press, entre outros). Neste conjunto est\u00e3o inclusos o alfabeto \u00a0completo em lindas ilustra\u00e7\u00f5es vintages. Conte\u00fado:\u00a0Produto Digital. (PDF) Inclui: alfabeto frente e verso alfabeto apenas frente com\u00a0grafia manuscrita junto com a letra de forma.","og_url":"https:\/\/www.familyhastools.com\/index.php\/product\/flash-cards-classicos-para-alfabetizacao-pelo-metodo-fonico-com-ilustracoes-vintage\/","og_site_name":"Family Has Tools","article_modified_time":"2023-09-27T20:42:53+00:00","og_image":[{"width":906,"height":640,"url":"https:\/\/www.familyhastools.com\/wp-content\/uploads\/2018\/11\/Alfabeto-Vintage-Flash-Cards_Face-\u00fanica_Loja.png","type":"image\/png"}],"twitter_card":"summary_large_image","schema":{"@context":"https:\/\/schema.org","@graph":[{"@type":"WebPage","@id":"https:\/\/www.familyhastools.com\/index.php\/product\/flash-cards-classicos-para-alfabetizacao-pelo-metodo-fonico-com-ilustracoes-vintage\/","url":"https:\/\/www.familyhastools.com\/index.php\/product\/flash-cards-classicos-para-alfabetizacao-pelo-metodo-fonico-com-ilustracoes-vintage\/","name":"Flash Cards cl\u00e1ssicos para alfabetiza\u00e7\u00e3o pelo m\u00e9todo f\u00f4nico com ilustra\u00e7\u00f5es vintage - Family Has Tools","isPartOf":{"@id":"https:\/\/www.familyhastools.com\/#website"},"primaryImageOfPage":{"@id":"https:\/\/www.familyhastools.com\/index.php\/product\/flash-cards-classicos-para-alfabetizacao-pelo-metodo-fonico-com-ilustracoes-vintage\/#primaryimage"},"image":{"@id":"https:\/\/www.familyhastools.com\/index.php\/product\/flash-cards-classicos-para-alfabetizacao-pelo-metodo-fonico-com-ilustracoes-vintage\/#primaryimage"},"thumbnailUrl":"https:\/\/www.familyhastools.com\/wp-content\/uploads\/2018\/11\/Alfabeto-Vintage-Flash-Cards_Face-\u00fanica_Loja.png","datePublished":"2018-11-21T17:37:09+00:00","dateModified":"2023-09-27T20:42:53+00:00","breadcrumb":{"@id":"https:\/\/www.familyhastools.com\/index.php\/product\/flash-cards-classicos-para-alfabetizacao-pelo-metodo-fonico-com-ilustracoes-vintage\/#breadcrumb"},"inLanguage":"pt-BR","potentialAction":[{"@type":"ReadAction","target":["https:\/\/www.familyhastools.com\/index.php\/product\/flash-cards-classicos-para-alfabetizacao-pelo-metodo-fonico-com-ilustracoes-vintage\/"]}]},{"@type":"ImageObject","inLanguage":"pt-BR","@id":"https:\/\/www.familyhastools.com\/index.php\/product\/flash-cards-classicos-para-alfabetizacao-pelo-metodo-fonico-com-ilustracoes-vintage\/#primaryimage","url":"https:\/\/www.familyhastools.com\/wp-content\/uploads\/2018\/11\/Alfabeto-Vintage-Flash-Cards_Face-\u00fanica_Loja.png","contentUrl":"https:\/\/www.familyhastools.com\/wp-content\/uploads\/2018\/11\/Alfabeto-Vintage-Flash-Cards_Face-\u00fanica_Loja.png","width":906,"height":640},{"@type":"BreadcrumbList","@id":"https:\/\/www.familyhastools.com\/index.php\/product\/flash-cards-classicos-para-alfabetizacao-pelo-metodo-fonico-com-ilustracoes-vintage\/#breadcrumb","itemListElement":[{"@type":"ListItem","position":1,"name":"In\u00edcio","item":"https:\/\/www.familyhastools.com\/"},{"@type":"ListItem","position":2,"name":"Loja","item":"https:\/\/www.familyhastools.com\/index.php\/loja-2\/"},{"@type":"ListItem","position":3,"name":"Flash Cards cl\u00e1ssicos para alfabetiza\u00e7\u00e3o pelo m\u00e9todo f\u00f4nico com ilustra\u00e7\u00f5es vintage"}]},{"@type":"WebSite","@id":"https:\/\/www.familyhastools.com\/#website","url":"https:\/\/www.familyhastools.com\/","name":"Family Has Tools","description":"A jornada de nossa familia homeschooler","publisher":{"@id":"https:\/\/www.familyhastools.com\/#organization"},"potentialAction":[{"@type":"SearchAction","target":{"@type":"EntryPoint","urlTemplate":"https:\/\/www.familyhastools.com\/?s={search_term_string}"},"query-input":{"@type":"PropertyValueSpecification","valueRequired":true,"valueName":"search_term_string"}}],"inLanguage":"pt-BR"},{"@type":"Organization","@id":"https:\/\/www.familyhastools.com\/#organization","name":"Family Has Tools","url":"https:\/\/www.familyhastools.com\/","logo":{"@type":"ImageObject","inLanguage":"pt-BR","@id":"https:\/\/www.familyhastools.com\/#\/schema\/logo\/image\/","url":"https:\/\/www.familyhastools.com\/wp-content\/uploads\/2020\/05\/logo-com-Arthur-_grande.png","contentUrl":"https:\/\/www.familyhastools.com\/wp-content\/uploads\/2020\/05\/logo-com-Arthur-_grande.png","width":2350,"height":1000,"caption":"Family Has Tools"},"image":{"@id":"https:\/\/www.familyhastools.com\/#\/schema\/logo\/image\/"}}]}},"_links":{"self":[{"href":"https:\/\/www.familyhastools.com\/index.php\/wp-json\/wp\/v2\/product\/1244","targetHints":{"allow":["GET"]}}],"collection":[{"href":"https:\/\/www.familyhastools.com\/index.php\/wp-json\/wp\/v2\/product"}],"about":[{"href":"https:\/\/www.familyhastools.com\/index.php\/wp-json\/wp\/v2\/types\/product"}],"wp:featuredmedia":[{"embeddable":true,"href":"https:\/\/www.familyhastools.com\/index.php\/wp-json\/wp\/v2\/media\/1349"}],"wp:attachment":[{"href":"https:\/\/www.familyhastools.com\/index.php\/wp-json\/wp\/v2\/media?parent=1244"}],"wp:term":[{"taxonomy":"product_brand","embeddable":true,"href":"https:\/\/www.familyhastools.com\/index.php\/wp-json\/wp\/v2\/product_brand?post=1244"},{"taxonomy":"product_cat","embeddable":true,"href":"https:\/\/www.familyhastools.com\/index.php\/wp-json\/wp\/v2\/product_cat?post=1244"},{"taxonomy":"product_tag","embeddable":true,"href":"https:\/\/www.familyhastools.com\/index.php\/wp-json\/wp\/v2\/product_tag?post=1244"}],"curies":[{"name":"wp","href":"https:\/\/api.w.org\/{rel}","templated":true}]}}