{"id":984,"date":"2017-10-04T20:07:05","date_gmt":"2017-10-04T20:07:05","guid":{"rendered":"http:\/\/familyhastools.com\/index.php\/home\/"},"modified":"2022-11-04T01:09:36","modified_gmt":"2022-11-04T01:09:36","slug":"home","status":"publish","type":"page","link":"https:\/\/www.familyhastools.com\/","title":{"rendered":"Bem Vindos!"},"content":{"rendered":"<p><img loading=\"lazy\" decoding=\"async\" class=\"aligncenter size-full wp-image-5368\" src=\"https:\/\/www.familyhastools.com\/wp-content\/uploads\/2021\/03\/0001-18608596863_20210320_223054_0000.png\" alt=\"\" width=\"1920\" height=\"1080\" srcset=\"https:\/\/www.familyhastools.com\/wp-content\/uploads\/2021\/03\/0001-18608596863_20210320_223054_0000.png 1920w, https:\/\/www.familyhastools.com\/wp-content\/uploads\/2021\/03\/0001-18608596863_20210320_223054_0000-300x169.png 300w, https:\/\/www.familyhastools.com\/wp-content\/uploads\/2021\/03\/0001-18608596863_20210320_223054_0000-1024x576.png 1024w, https:\/\/www.familyhastools.com\/wp-content\/uploads\/2021\/03\/0001-18608596863_20210320_223054_0000-768x432.png 768w, https:\/\/www.familyhastools.com\/wp-content\/uploads\/2021\/03\/0001-18608596863_20210320_223054_0000-1536x864.png 1536w, https:\/\/www.familyhastools.com\/wp-content\/uploads\/2021\/03\/0001-18608596863_20210320_223054_0000-416x234.png 416w\" sizes=\"auto, (max-width: 1920px) 100vw, 1920px\" \/><\/p>\n\n\n<p>N\u00f3s somos uma fam\u00edlia educadora de <strong>segunda gera\u00e7\u00e3o <\/strong>e o nosso intuito \u00e9 <em><span style=\"text-decoration: underline;\">enriquecer e inspirar<\/span><\/em> o aprendizado de seus filhos e tamb\u00e9m a sua autoeduca\u00e7\u00e3o.<\/p>\n\n\n\n<p>O nome Family Has Tools surgiu de um jogo de palavras com nosso sobrenome (Haswell):Poder\u00edamos traduzi-lo para : \u201c<em>Ferramentas da fam\u00edlia Has (Haswell)<\/em>\u201d.<\/p>\n\n\n\n<p><em>N\u00f3s cultivamos o amor por aprender.<\/em><\/p>\n\n\n\n<p><strong>Todos<\/strong> os nossos produtos s\u00e3o arquivos digitais em <strong>PDF<\/strong> \u2013 <strong>download<\/strong> imediato ap\u00f3s a confirma\u00e7\u00e3o do pagamento.<\/p>\n\n\n\n<p>Voc\u00ea <strong>N\u00c3O<\/strong> ir\u00e1 receber nada pelo correio.<\/p>\n\n\n\n<p>O acesso aos links \u00e9 de 3 meses, fa\u00e7a o download e salve seus arquivos para acessar sempre.<\/p>\n\n\n\n<p>Sejam muito bem vindos!<\/p>\n","protected":false},"excerpt":{"rendered":"<p>N\u00f3s somos uma fam\u00edlia educadora de segunda gera\u00e7\u00e3o e o nosso intuito \u00e9 enriquecer e inspirar o aprendizado de seus filhos e tamb\u00e9m a sua autoeduca\u00e7\u00e3o. O nome Family Has Tools surgiu de um jogo de palavras com nosso sobrenome (Haswell):Poder\u00edamos traduzi-lo para : \u201cFerramentas da fam\u00edlia Has (Haswell)\u201d. N\u00f3s cultivamos o amor por aprender. [&hellip;]<\/p>\n","protected":false},"author":1,"featured_media":0,"parent":0,"menu_order":0,"comment_status":"closed","ping_status":"closed","template":"template-homepage.php","meta":{"footnotes":""},"class_list":["post-984","page","type-page","status-publish","hentry"],"yoast_head":"<!-- This site is optimized with the Yoast SEO plugin v25.3 - https:\/\/yoast.com\/wordpress\/plugins\/seo\/ -->\n<title>Bem Vindos! - Family Has Tools<\/title>\n<meta name=\"description\" content=\"Este \u00e9 nosso cantinho de relatos da nossa jornada na educa\u00e7\u00e3o domiciliar de nossos filhos. Materiais \u00fanicos e belos para enriquecer o aprendizado.\" \/>\n<meta name=\"robots\" content=\"index, follow, max-snippet:-1, max-image-preview:large, max-video-preview:-1\" \/>\n<link rel=\"canonical\" href=\"https:\/\/www.familyhastools.com\/\" \/>\n<meta property=\"og:locale\" content=\"pt_BR\" \/>\n<meta property=\"og:type\" content=\"article\" \/>\n<meta property=\"og:title\" content=\"Bem Vindos! - Family Has Tools\" \/>\n<meta property=\"og:description\" content=\"Este \u00e9 nosso cantinho de relatos da nossa jornada na educa\u00e7\u00e3o domiciliar de nossos filhos. Materiais \u00fanicos e belos para enriquecer o aprendizado.\" \/>\n<meta property=\"og:url\" content=\"https:\/\/www.familyhastools.com\/\" \/>\n<meta property=\"og:site_name\" content=\"Family Has Tools\" \/>\n<meta property=\"article:modified_time\" content=\"2022-11-04T01:09:36+00:00\" \/>\n<meta property=\"og:image\" content=\"https:\/\/www.familyhastools.com\/wp-content\/uploads\/2021\/03\/0001-18608596863_20210320_223054_0000.png\" \/>\n<meta name=\"twitter:card\" content=\"summary_large_image\" \/>\n<meta name=\"twitter:label1\" content=\"Est. tempo de leitura\" \/>\n\t<meta name=\"twitter:data1\" content=\"1 minuto\" \/>\n<script type=\"application\/ld+json\" class=\"yoast-schema-graph\">{\"@context\":\"https:\/\/schema.org\",\"@graph\":[{\"@type\":\"WebPage\",\"@id\":\"https:\/\/www.familyhastools.com\/\",\"url\":\"https:\/\/www.familyhastools.com\/\",\"name\":\"Bem Vindos! - Family Has Tools\",\"isPartOf\":{\"@id\":\"https:\/\/www.familyhastools.com\/#website\"},\"primaryImageOfPage\":{\"@id\":\"https:\/\/www.familyhastools.com\/#primaryimage\"},\"image\":{\"@id\":\"https:\/\/www.familyhastools.com\/#primaryimage\"},\"thumbnailUrl\":\"https:\/\/www.familyhastools.com\/wp-content\/uploads\/2021\/03\/0001-18608596863_20210320_223054_0000.png\",\"datePublished\":\"2017-10-04T20:07:05+00:00\",\"dateModified\":\"2022-11-04T01:09:36+00:00\",\"description\":\"Este \u00e9 nosso cantinho de relatos da nossa jornada na educa\u00e7\u00e3o domiciliar de nossos filhos. Materiais \u00fanicos e belos para enriquecer o aprendizado.\",\"breadcrumb\":{\"@id\":\"https:\/\/www.familyhastools.com\/#breadcrumb\"},\"inLanguage\":\"pt-BR\",\"potentialAction\":[{\"@type\":\"ReadAction\",\"target\":[\"https:\/\/www.familyhastools.com\/\"]}]},{\"@type\":\"ImageObject\",\"inLanguage\":\"pt-BR\",\"@id\":\"https:\/\/www.familyhastools.com\/#primaryimage\",\"url\":\"https:\/\/www.familyhastools.com\/wp-content\/uploads\/2021\/03\/0001-18608596863_20210320_223054_0000.png\",\"contentUrl\":\"https:\/\/www.familyhastools.com\/wp-content\/uploads\/2021\/03\/0001-18608596863_20210320_223054_0000.png\",\"width\":1920,\"height\":1080},{\"@type\":\"BreadcrumbList\",\"@id\":\"https:\/\/www.familyhastools.com\/#breadcrumb\",\"itemListElement\":[{\"@type\":\"ListItem\",\"position\":1,\"name\":\"In\u00edcio\",\"item\":\"https:\/\/www.familyhastools.com\/\"},{\"@type\":\"ListItem\",\"position\":2,\"name\":\"Bem Vindos!\"}]},{\"@type\":\"WebSite\",\"@id\":\"https:\/\/www.familyhastools.com\/#website\",\"url\":\"https:\/\/www.familyhastools.com\/\",\"name\":\"Family Has Tools\",\"description\":\"A jornada de nossa familia homeschooler\",\"publisher\":{\"@id\":\"https:\/\/www.familyhastools.com\/#organization\"},\"potentialAction\":[{\"@type\":\"SearchAction\",\"target\":{\"@type\":\"EntryPoint\",\"urlTemplate\":\"https:\/\/www.familyhastools.com\/?s={search_term_string}\"},\"query-input\":{\"@type\":\"PropertyValueSpecification\",\"valueRequired\":true,\"valueName\":\"search_term_string\"}}],\"inLanguage\":\"pt-BR\"},{\"@type\":\"Organization\",\"@id\":\"https:\/\/www.familyhastools.com\/#organization\",\"name\":\"Family Has Tools\",\"url\":\"https:\/\/www.familyhastools.com\/\",\"logo\":{\"@type\":\"ImageObject\",\"inLanguage\":\"pt-BR\",\"@id\":\"https:\/\/www.familyhastools.com\/#\/schema\/logo\/image\/\",\"url\":\"https:\/\/www.familyhastools.com\/wp-content\/uploads\/2020\/05\/logo-com-Arthur-_grande.png\",\"contentUrl\":\"https:\/\/www.familyhastools.com\/wp-content\/uploads\/2020\/05\/logo-com-Arthur-_grande.png\",\"width\":2350,\"height\":1000,\"caption\":\"Family Has Tools\"},\"image\":{\"@id\":\"https:\/\/www.familyhastools.com\/#\/schema\/logo\/image\/\"}}]}<\/script>\n<!-- \/ Yoast SEO plugin. -->","yoast_head_json":{"title":"Bem Vindos! - Family Has Tools","description":"Este \u00e9 nosso cantinho de relatos da nossa jornada na educa\u00e7\u00e3o domiciliar de nossos filhos. Materiais \u00fanicos e belos para enriquecer o aprendizado.","robots":{"index":"index","follow":"follow","max-snippet":"max-snippet:-1","max-image-preview":"max-image-preview:large","max-video-preview":"max-video-preview:-1"},"canonical":"https:\/\/www.familyhastools.com\/","og_locale":"pt_BR","og_type":"article","og_title":"Bem Vindos! - Family Has Tools","og_description":"Este \u00e9 nosso cantinho de relatos da nossa jornada na educa\u00e7\u00e3o domiciliar de nossos filhos. Materiais \u00fanicos e belos para enriquecer o aprendizado.","og_url":"https:\/\/www.familyhastools.com\/","og_site_name":"Family Has Tools","article_modified_time":"2022-11-04T01:09:36+00:00","og_image":[{"url":"https:\/\/www.familyhastools.com\/wp-content\/uploads\/2021\/03\/0001-18608596863_20210320_223054_0000.png","type":"","width":"","height":""}],"twitter_card":"summary_large_image","twitter_misc":{"Est. tempo de leitura":"1 minuto"},"schema":{"@context":"https:\/\/schema.org","@graph":[{"@type":"WebPage","@id":"https:\/\/www.familyhastools.com\/","url":"https:\/\/www.familyhastools.com\/","name":"Bem Vindos! - Family Has Tools","isPartOf":{"@id":"https:\/\/www.familyhastools.com\/#website"},"primaryImageOfPage":{"@id":"https:\/\/www.familyhastools.com\/#primaryimage"},"image":{"@id":"https:\/\/www.familyhastools.com\/#primaryimage"},"thumbnailUrl":"https:\/\/www.familyhastools.com\/wp-content\/uploads\/2021\/03\/0001-18608596863_20210320_223054_0000.png","datePublished":"2017-10-04T20:07:05+00:00","dateModified":"2022-11-04T01:09:36+00:00","description":"Este \u00e9 nosso cantinho de relatos da nossa jornada na educa\u00e7\u00e3o domiciliar de nossos filhos. Materiais \u00fanicos e belos para enriquecer o aprendizado.","breadcrumb":{"@id":"https:\/\/www.familyhastools.com\/#breadcrumb"},"inLanguage":"pt-BR","potentialAction":[{"@type":"ReadAction","target":["https:\/\/www.familyhastools.com\/"]}]},{"@type":"ImageObject","inLanguage":"pt-BR","@id":"https:\/\/www.familyhastools.com\/#primaryimage","url":"https:\/\/www.familyhastools.com\/wp-content\/uploads\/2021\/03\/0001-18608596863_20210320_223054_0000.png","contentUrl":"https:\/\/www.familyhastools.com\/wp-content\/uploads\/2021\/03\/0001-18608596863_20210320_223054_0000.png","width":1920,"height":1080},{"@type":"BreadcrumbList","@id":"https:\/\/www.familyhastools.com\/#breadcrumb","itemListElement":[{"@type":"ListItem","position":1,"name":"In\u00edcio","item":"https:\/\/www.familyhastools.com\/"},{"@type":"ListItem","position":2,"name":"Bem Vindos!"}]},{"@type":"WebSite","@id":"https:\/\/www.familyhastools.com\/#website","url":"https:\/\/www.familyhastools.com\/","name":"Family Has Tools","description":"A jornada de nossa familia homeschooler","publisher":{"@id":"https:\/\/www.familyhastools.com\/#organization"},"potentialAction":[{"@type":"SearchAction","target":{"@type":"EntryPoint","urlTemplate":"https:\/\/www.familyhastools.com\/?s={search_term_string}"},"query-input":{"@type":"PropertyValueSpecification","valueRequired":true,"valueName":"search_term_string"}}],"inLanguage":"pt-BR"},{"@type":"Organization","@id":"https:\/\/www.familyhastools.com\/#organization","name":"Family Has Tools","url":"https:\/\/www.familyhastools.com\/","logo":{"@type":"ImageObject","inLanguage":"pt-BR","@id":"https:\/\/www.familyhastools.com\/#\/schema\/logo\/image\/","url":"https:\/\/www.familyhastools.com\/wp-content\/uploads\/2020\/05\/logo-com-Arthur-_grande.png","contentUrl":"https:\/\/www.familyhastools.com\/wp-content\/uploads\/2020\/05\/logo-com-Arthur-_grande.png","width":2350,"height":1000,"caption":"Family Has Tools"},"image":{"@id":"https:\/\/www.familyhastools.com\/#\/schema\/logo\/image\/"}}]}},"_links":{"self":[{"href":"https:\/\/www.familyhastools.com\/index.php\/wp-json\/wp\/v2\/pages\/984","targetHints":{"allow":["GET"]}}],"collection":[{"href":"https:\/\/www.familyhastools.com\/index.php\/wp-json\/wp\/v2\/pages"}],"about":[{"href":"https:\/\/www.familyhastools.com\/index.php\/wp-json\/wp\/v2\/types\/page"}],"author":[{"embeddable":true,"href":"https:\/\/www.familyhastools.com\/index.php\/wp-json\/wp\/v2\/users\/1"}],"replies":[{"embeddable":true,"href":"https:\/\/www.familyhastools.com\/index.php\/wp-json\/wp\/v2\/comments?post=984"}],"version-history":[{"count":13,"href":"https:\/\/www.familyhastools.com\/index.php\/wp-json\/wp\/v2\/pages\/984\/revisions"}],"predecessor-version":[{"id":8280,"href":"https:\/\/www.familyhastools.com\/index.php\/wp-json\/wp\/v2\/pages\/984\/revisions\/8280"}],"wp:attachment":[{"href":"https:\/\/www.familyhastools.com\/index.php\/wp-json\/wp\/v2\/media?parent=984"}],"curies":[{"name":"wp","href":"https:\/\/api.w.org\/{rel}","templated":true}]}}